{"id":827,"date":"2024-03-05T08:49:46","date_gmt":"2024-03-05T11:49:46","guid":{"rendered":"https:\/\/sergiodamaso.com.br\/?page_id=827"},"modified":"2024-03-05T08:49:47","modified_gmt":"2024-03-05T11:49:47","slug":"vou-levantar-bem-de-fininho","status":"publish","type":"page","link":"https:\/\/sergiodamaso.com.br\/index.php\/vou-levantar-bem-de-fininho\/","title":{"rendered":"VOU LEVANTAR BEM DE FININHO"},"content":{"rendered":"\n<figure class=\"wp-block-audio\"><audio controls src=\"https:\/\/sergiodamaso.com.br\/wp-content\/uploads\/2024\/03\/vou-levantar-bem-de-fininho.mp3\"><\/audio><\/figure>\n\n\n\n<p><strong><em>Mongol &amp; S\u00e9rgio D\u00e2maso<\/em><\/strong><\/p>\n\n\n\n<p>Eu vou levantar bem de fininho<\/p>\n\n\n\n<p>devagarzinho pra voc\u00ea continuar sonhando<\/p>\n\n\n\n<p>e acordar pensando em mim.<\/p>\n\n\n\n<p>Vou fazer um caf\u00e9 vou levar pra voc\u00ea na cama<\/p>\n\n\n\n<p>e lentamente te beijar meu bem que bom<\/p>\n\n\n\n<p>te acordar do seu sonho assim.<\/p>\n\n\n\n<p>E depois do caf\u00e9<\/p>\n\n\n\n<p>vou ficar com voc\u00ea na cama<\/p>\n\n\n\n<p>tudo de bom meu bem eu e voc\u00ea assim<\/p>\n\n\n\n<p>ouvir voc\u00ea dizer que ainda me ama.<\/p>\n","protected":false},"excerpt":{"rendered":"<p>Mongol &amp; S\u00e9rgio D\u00e2maso Eu vou levantar bem de fininho devagarzinho pra voc\u00ea continuar sonhando e acordar pensando em mim. Vou fazer um caf\u00e9 vou levar pra voc\u00ea na cama e lentamente te beijar meu bem que bom te acordar do seu sonho assim. E depois do caf\u00e9 vou ficar com voc\u00ea na cama tudo [&hellip;]<\/p>\n","protected":false},"author":1,"featured_media":0,"parent":0,"menu_order":0,"comment_status":"closed","ping_status":"closed","template":"","meta":[],"_links":{"self":[{"href":"https:\/\/sergiodamaso.com.br\/index.php\/wp-json\/wp\/v2\/pages\/827"}],"collection":[{"href":"https:\/\/sergiodamaso.com.br\/index.php\/wp-json\/wp\/v2\/pages"}],"about":[{"href":"https:\/\/sergiodamaso.com.br\/index.php\/wp-json\/wp\/v2\/types\/page"}],"author":[{"embeddable":true,"href":"https:\/\/sergiodamaso.com.br\/index.php\/wp-json\/wp\/v2\/users\/1"}],"replies":[{"embeddable":true,"href":"https:\/\/sergiodamaso.com.br\/index.php\/wp-json\/wp\/v2\/comments?post=827"}],"version-history":[{"count":1,"href":"https:\/\/sergiodamaso.com.br\/index.php\/wp-json\/wp\/v2\/pages\/827\/revisions"}],"predecessor-version":[{"id":829,"href":"https:\/\/sergiodamaso.com.br\/index.php\/wp-json\/wp\/v2\/pages\/827\/revisions\/829"}],"wp:attachment":[{"href":"https:\/\/sergiodamaso.com.br\/index.php\/wp-json\/wp\/v2\/media?parent=827"}],"curies":[{"name":"wp","href":"https:\/\/api.w.org\/{rel}","templated":true}]}}