{"id":768,"date":"2024-03-03T16:01:41","date_gmt":"2024-03-03T19:01:41","guid":{"rendered":"https:\/\/sergiodamaso.com.br\/?page_id=768"},"modified":"2024-03-03T16:01:41","modified_gmt":"2024-03-03T19:01:41","slug":"tudo-ser-gostoso","status":"publish","type":"page","link":"https:\/\/sergiodamaso.com.br\/index.php\/tudo-ser-gostoso\/","title":{"rendered":"TUDO SER GOSTOSO"},"content":{"rendered":"\n<figure class=\"wp-block-audio\"><audio controls src=\"https:\/\/sergiodamaso.com.br\/wp-content\/uploads\/2024\/03\/tudo-ser-gostoso.mp3\"><\/audio><\/figure>\n\n\n\n<p><strong><em>Mongol &amp; S\u00e9rgio D\u00e2maso<\/em><\/strong><\/p>\n\n\n\n<p>Voc\u00ea faz tudo ser gostoso<\/p>\n\n\n\n<p>como sempre fez.<\/p>\n\n\n\n<p>\u00c9 como se voc\u00ea beijasse<\/p>\n\n\n\n<p>a primeira vez<\/p>\n\n\n\n<p>S\u00f3 tem uma explica\u00e7\u00e3o<\/p>\n\n\n\n<p>para ser assim.<\/p>\n\n\n\n<p>O tempo esqueceu de mim.<\/p>\n","protected":false},"excerpt":{"rendered":"<p>Mongol &amp; S\u00e9rgio D\u00e2maso Voc\u00ea faz tudo ser gostoso como sempre fez. \u00c9 como se voc\u00ea beijasse a primeira vez S\u00f3 tem uma explica\u00e7\u00e3o para ser assim. O tempo esqueceu de mim.<\/p>\n","protected":false},"author":1,"featured_media":0,"parent":0,"menu_order":0,"comment_status":"closed","ping_status":"closed","template":"","meta":[],"_links":{"self":[{"href":"https:\/\/sergiodamaso.com.br\/index.php\/wp-json\/wp\/v2\/pages\/768"}],"collection":[{"href":"https:\/\/sergiodamaso.com.br\/index.php\/wp-json\/wp\/v2\/pages"}],"about":[{"href":"https:\/\/sergiodamaso.com.br\/index.php\/wp-json\/wp\/v2\/types\/page"}],"author":[{"embeddable":true,"href":"https:\/\/sergiodamaso.com.br\/index.php\/wp-json\/wp\/v2\/users\/1"}],"replies":[{"embeddable":true,"href":"https:\/\/sergiodamaso.com.br\/index.php\/wp-json\/wp\/v2\/comments?post=768"}],"version-history":[{"count":1,"href":"https:\/\/sergiodamaso.com.br\/index.php\/wp-json\/wp\/v2\/pages\/768\/revisions"}],"predecessor-version":[{"id":770,"href":"https:\/\/sergiodamaso.com.br\/index.php\/wp-json\/wp\/v2\/pages\/768\/revisions\/770"}],"wp:attachment":[{"href":"https:\/\/sergiodamaso.com.br\/index.php\/wp-json\/wp\/v2\/media?parent=768"}],"curies":[{"name":"wp","href":"https:\/\/api.w.org\/{rel}","templated":true}]}}