{"id":749,"date":"2024-03-03T15:53:31","date_gmt":"2024-03-03T18:53:31","guid":{"rendered":"https:\/\/sergiodamaso.com.br\/?page_id=749"},"modified":"2024-03-03T15:53:54","modified_gmt":"2024-03-03T18:53:54","slug":"quero-lembrar-de-voce-assim","status":"publish","type":"page","link":"https:\/\/sergiodamaso.com.br\/index.php\/quero-lembrar-de-voce-assim\/","title":{"rendered":"QUERO LEMBRAR DE VOC\u00ca ASSIM"},"content":{"rendered":"\n<figure class=\"wp-block-audio\"><audio controls src=\"https:\/\/sergiodamaso.com.br\/wp-content\/uploads\/2024\/03\/quero-lembrar-de-voce-assim.mp3\"><\/audio><\/figure>\n\n\n\n<p><strong><em>Mongol &amp; S\u00e9rgio D\u00e2maso<\/em><\/strong><\/p>\n\n\n\n<p>Quero lembrar de voc\u00ea<\/p>\n\n\n\n<p>seu rosto sorrindo pra mim<\/p>\n\n\n\n<p>seu olhar a me ganhar<\/p>\n\n\n\n<p>seus abra\u00e7os pra me apertar.<\/p>\n\n\n\n<p>Sen\u00e3o vou me esquecer<\/p>\n\n\n\n<p>se deixar de me beijar<\/p>\n\n\n\n<p>n\u00e3o lembrar de mim e n\u00e3o<\/p>\n\n\n\n<p>n\u00e3o me telefonar.<\/p>\n\n\n\n<p>Mande apenas um bilhete<\/p>\n\n\n\n<p>dizendo que ainda me ama<\/p>\n\n\n\n<p>pra lembrar e n\u00e3o esquecer<\/p>\n\n\n\n<p>dos nossos momentos na cama.<\/p>\n\n\n\n<p>Hoje eu s\u00f3 quero lembrar<\/p>\n\n\n\n<p>pra marcar meu cora\u00e7\u00e3o<\/p>\n\n\n\n<p>e pra sempre ter voc\u00ea aqui<\/p>\n\n\n\n<p>bem perto perto de mim.<\/p>\n","protected":false},"excerpt":{"rendered":"<p>Mongol &amp; S\u00e9rgio D\u00e2maso Quero lembrar de voc\u00ea seu rosto sorrindo pra mim seu olhar a me ganhar seus abra\u00e7os pra me apertar. Sen\u00e3o vou me esquecer se deixar de me beijar n\u00e3o lembrar de mim e n\u00e3o n\u00e3o me telefonar. Mande apenas um bilhete dizendo que ainda me ama pra lembrar e n\u00e3o esquecer [&hellip;]<\/p>\n","protected":false},"author":1,"featured_media":0,"parent":0,"menu_order":0,"comment_status":"closed","ping_status":"closed","template":"","meta":[],"_links":{"self":[{"href":"https:\/\/sergiodamaso.com.br\/index.php\/wp-json\/wp\/v2\/pages\/749"}],"collection":[{"href":"https:\/\/sergiodamaso.com.br\/index.php\/wp-json\/wp\/v2\/pages"}],"about":[{"href":"https:\/\/sergiodamaso.com.br\/index.php\/wp-json\/wp\/v2\/types\/page"}],"author":[{"embeddable":true,"href":"https:\/\/sergiodamaso.com.br\/index.php\/wp-json\/wp\/v2\/users\/1"}],"replies":[{"embeddable":true,"href":"https:\/\/sergiodamaso.com.br\/index.php\/wp-json\/wp\/v2\/comments?post=749"}],"version-history":[{"count":2,"href":"https:\/\/sergiodamaso.com.br\/index.php\/wp-json\/wp\/v2\/pages\/749\/revisions"}],"predecessor-version":[{"id":752,"href":"https:\/\/sergiodamaso.com.br\/index.php\/wp-json\/wp\/v2\/pages\/749\/revisions\/752"}],"wp:attachment":[{"href":"https:\/\/sergiodamaso.com.br\/index.php\/wp-json\/wp\/v2\/media?parent=749"}],"curies":[{"name":"wp","href":"https:\/\/api.w.org\/{rel}","templated":true}]}}