{"id":703,"date":"2024-03-03T15:23:36","date_gmt":"2024-03-03T18:23:36","guid":{"rendered":"https:\/\/sergiodamaso.com.br\/?page_id=703"},"modified":"2024-03-03T15:23:37","modified_gmt":"2024-03-03T18:23:37","slug":"minto-nao-falo-a-verdade","status":"publish","type":"page","link":"https:\/\/sergiodamaso.com.br\/index.php\/minto-nao-falo-a-verdade\/","title":{"rendered":"MINTO N\u00c3O FALO A VERDADE"},"content":{"rendered":"\n<figure class=\"wp-block-audio\"><audio controls src=\"https:\/\/sergiodamaso.com.br\/wp-content\/uploads\/2024\/03\/minto-nao-falo-a-verdade.mp3\"><\/audio><\/figure>\n\n\n\n<p><strong><em>Mongol &amp; S\u00e9rgio D\u00e2maso<\/em><\/strong><\/p>\n\n\n\n<p>Minto n\u00e3o falo a verdade meu cachorro latiu<\/p>\n\n\n\n<p>fui at\u00e9 o port\u00e3o voc\u00ea apareceu do nada.<\/p>\n\n\n\n<p>Acendi a luz que<\/p>\n\n\n\n<p>iluminou as roseiras<\/p>\n\n\n\n<p>de rosas vermelhas e brancas.<\/p>\n\n\n\n<p>A coruja olhou e fitou<\/p>\n\n\n\n<p>voc\u00ea no port\u00e3o bem ali<\/p>\n\n\n\n<p>de roupa preta e descal\u00e7a.<\/p>\n\n\n\n<p>N\u00e3o minto<\/p>\n\n\n\n<p>muito menos pra voc\u00ea<\/p>\n\n\n\n<p>n\u00e3o entre que a luz<\/p>\n\n\n\n<p>n\u00e3o \u00e9 pra voc\u00ea.<\/p>\n\n\n\n<p>\u00c9 para as rosas<\/p>\n\n\n\n<p>vermelhas e brancas<\/p>\n\n\n\n<p>que plantei e cuido<\/p>\n\n\n\n<p>todos os dias para<\/p>\n\n\n\n<p>recordar que o amor \u00e9 como a flor<\/p>\n\n\n\n<p>para recordar de voc\u00ea.<\/p>\n","protected":false},"excerpt":{"rendered":"<p>Mongol &amp; S\u00e9rgio D\u00e2maso Minto n\u00e3o falo a verdade meu cachorro latiu fui at\u00e9 o port\u00e3o voc\u00ea apareceu do nada. Acendi a luz que iluminou as roseiras de rosas vermelhas e brancas. A coruja olhou e fitou voc\u00ea no port\u00e3o bem ali de roupa preta e descal\u00e7a. N\u00e3o minto muito menos pra voc\u00ea n\u00e3o entre [&hellip;]<\/p>\n","protected":false},"author":1,"featured_media":0,"parent":0,"menu_order":0,"comment_status":"closed","ping_status":"closed","template":"","meta":[],"_links":{"self":[{"href":"https:\/\/sergiodamaso.com.br\/index.php\/wp-json\/wp\/v2\/pages\/703"}],"collection":[{"href":"https:\/\/sergiodamaso.com.br\/index.php\/wp-json\/wp\/v2\/pages"}],"about":[{"href":"https:\/\/sergiodamaso.com.br\/index.php\/wp-json\/wp\/v2\/types\/page"}],"author":[{"embeddable":true,"href":"https:\/\/sergiodamaso.com.br\/index.php\/wp-json\/wp\/v2\/users\/1"}],"replies":[{"embeddable":true,"href":"https:\/\/sergiodamaso.com.br\/index.php\/wp-json\/wp\/v2\/comments?post=703"}],"version-history":[{"count":1,"href":"https:\/\/sergiodamaso.com.br\/index.php\/wp-json\/wp\/v2\/pages\/703\/revisions"}],"predecessor-version":[{"id":705,"href":"https:\/\/sergiodamaso.com.br\/index.php\/wp-json\/wp\/v2\/pages\/703\/revisions\/705"}],"wp:attachment":[{"href":"https:\/\/sergiodamaso.com.br\/index.php\/wp-json\/wp\/v2\/media?parent=703"}],"curies":[{"name":"wp","href":"https:\/\/api.w.org\/{rel}","templated":true}]}}