{"id":700,"date":"2024-03-03T15:19:15","date_gmt":"2024-03-03T18:19:15","guid":{"rendered":"https:\/\/sergiodamaso.com.br\/?page_id=700"},"modified":"2024-03-03T15:19:15","modified_gmt":"2024-03-03T18:19:15","slug":"minha-dor-quero-saber","status":"publish","type":"page","link":"https:\/\/sergiodamaso.com.br\/index.php\/minha-dor-quero-saber\/","title":{"rendered":"MINHA DOR QUERO SABER"},"content":{"rendered":"\n<figure class=\"wp-block-audio\"><audio controls src=\"https:\/\/sergiodamaso.com.br\/wp-content\/uploads\/2024\/03\/minha-dor-quero-saber.mp3\"><\/audio><\/figure>\n\n\n\n<p><strong><em>Mongol &amp; Sergio D\u00e2maso<\/em><\/strong><\/p>\n\n\n\n<p>Minha dor<\/p>\n\n\n\n<p>n\u00e3o sei o que fazer<\/p>\n\n\n\n<p>pra entender<\/p>\n\n\n\n<p>saber o que n\u00e3o sei<\/p>\n\n\n\n<p>quero saber o que fazer<\/p>\n\n\n\n<p>pra n\u00e3o sofrer<\/p>\n\n\n\n<p>oh minha dor<\/p>\n\n\n\n<p>pra n\u00e3o chorar<\/p>\n\n\n\n<p>e n\u00e3o perder outra vez.<\/p>\n\n\n\n<p>O que n\u00e3o sei<\/p>\n\n\n\n<p>se vai querer<\/p>\n\n\n\n<p>mais uma vez<\/p>\n\n\n\n<p>me perder<\/p>\n\n\n\n<p>me esquecer<\/p>\n\n\n\n<p>n\u00e3o posso mais sofrer<\/p>\n\n\n\n<p>n\u00e3o deixe assim<\/p>\n\n\n\n<p>n\u00e3o fa\u00e7a assim<\/p>\n\n\n\n<p>eu n\u00e3o suporto<\/p>\n\n\n\n<p>eu n\u00e3o consigo mais<\/p>\n\n\n\n<p>perdoa meu amor.<\/p>\n\n\n\n<p>Minha dor<\/p>\n\n\n\n<p>n\u00e3o sei o que fazer<\/p>\n\n\n\n<p>pra entender<\/p>\n\n\n\n<p>saber o que n\u00e3o sei<\/p>\n\n\n\n<p>quero saber o que fazer<\/p>\n\n\n\n<p>pra n\u00e3o sofrer<\/p>\n\n\n\n<p>oh minha dor<\/p>\n\n\n\n<p>pra n\u00e3o chorar<\/p>\n\n\n\n<p>e n\u00e3o perder outra vez.<\/p>\n","protected":false},"excerpt":{"rendered":"<p>Mongol &amp; Sergio D\u00e2maso Minha dor n\u00e3o sei o que fazer pra entender saber o que n\u00e3o sei quero saber o que fazer pra n\u00e3o sofrer oh minha dor pra n\u00e3o chorar e n\u00e3o perder outra vez. O que n\u00e3o sei se vai querer mais uma vez me perder me esquecer n\u00e3o posso mais sofrer [&hellip;]<\/p>\n","protected":false},"author":1,"featured_media":0,"parent":0,"menu_order":0,"comment_status":"closed","ping_status":"closed","template":"","meta":[],"_links":{"self":[{"href":"https:\/\/sergiodamaso.com.br\/index.php\/wp-json\/wp\/v2\/pages\/700"}],"collection":[{"href":"https:\/\/sergiodamaso.com.br\/index.php\/wp-json\/wp\/v2\/pages"}],"about":[{"href":"https:\/\/sergiodamaso.com.br\/index.php\/wp-json\/wp\/v2\/types\/page"}],"author":[{"embeddable":true,"href":"https:\/\/sergiodamaso.com.br\/index.php\/wp-json\/wp\/v2\/users\/1"}],"replies":[{"embeddable":true,"href":"https:\/\/sergiodamaso.com.br\/index.php\/wp-json\/wp\/v2\/comments?post=700"}],"version-history":[{"count":1,"href":"https:\/\/sergiodamaso.com.br\/index.php\/wp-json\/wp\/v2\/pages\/700\/revisions"}],"predecessor-version":[{"id":702,"href":"https:\/\/sergiodamaso.com.br\/index.php\/wp-json\/wp\/v2\/pages\/700\/revisions\/702"}],"wp:attachment":[{"href":"https:\/\/sergiodamaso.com.br\/index.php\/wp-json\/wp\/v2\/media?parent=700"}],"curies":[{"name":"wp","href":"https:\/\/api.w.org\/{rel}","templated":true}]}}