{"id":688,"date":"2024-03-03T15:12:13","date_gmt":"2024-03-03T18:12:13","guid":{"rendered":"https:\/\/sergiodamaso.com.br\/?page_id=688"},"modified":"2024-03-03T15:12:14","modified_gmt":"2024-03-03T18:12:14","slug":"hoje-sonhei-acordado","status":"publish","type":"page","link":"https:\/\/sergiodamaso.com.br\/index.php\/hoje-sonhei-acordado\/","title":{"rendered":"HOJE SONHEI ACORDADO"},"content":{"rendered":"\n<figure class=\"wp-block-audio\"><audio controls src=\"https:\/\/sergiodamaso.com.br\/wp-content\/uploads\/2024\/03\/hoje-sonhei-acordado.mp3\"><\/audio><\/figure>\n\n\n\n<p><strong><em>Mongol &amp; S\u00e9rgio D\u00e2maso<\/em><\/strong><\/p>\n\n\n\n<p>Hoje sonhei acordado que o mundo do nada surgia<\/p>\n\n\n\n<p>que Deus do seu trono dourado vendo que era bom prosseguia<\/p>\n\n\n\n<p>no in\u00edcio, Ele estava calado e o esp\u00edrito s\u00f3 se movia<\/p>\n\n\n\n<p>nas \u00e1guas de tom prateado ent\u00e3o haja luz! Deus dizia.<\/p>\n\n\n\n<p>O escuro foi s\u00f3 separado podendo existir noite e dia<\/p>\n\n\n\n<p>e Deus do seu trono dourado vendo que era bom prosseguia<\/p>\n\n\n\n<p>dos mares surgiu um bocado de terra onde nada havia<\/p>\n\n\n\n<p>e a terra virou um gramado com plantas e frutas macias.<\/p>\n\n\n\n<p>Quando Deus olhou para o lado, criou o animal de jazia<\/p>\n\n\n\n<p>voando nadando arrastado conforme a esp\u00e9cie vivia<\/p>\n\n\n\n<p>ent\u00e3o fez o homem mimado, depois a mulher que sorria dominando<\/p>\n\n\n\n<p>&nbsp;tudo criado, expulsaram Deus que dormia.<\/p>\n\n\n\n<p>O descanso foi condenado, pois nem mesmo Deus percebia<\/p>\n\n\n\n<p>que enquanto dormia calado, o homem foi Deus nesse dia.<\/p>\n","protected":false},"excerpt":{"rendered":"<p>Mongol &amp; S\u00e9rgio D\u00e2maso Hoje sonhei acordado que o mundo do nada surgia que Deus do seu trono dourado vendo que era bom prosseguia no in\u00edcio, Ele estava calado e o esp\u00edrito s\u00f3 se movia nas \u00e1guas de tom prateado ent\u00e3o haja luz! Deus dizia. O escuro foi s\u00f3 separado podendo existir noite e dia [&hellip;]<\/p>\n","protected":false},"author":1,"featured_media":0,"parent":0,"menu_order":0,"comment_status":"closed","ping_status":"closed","template":"","meta":[],"_links":{"self":[{"href":"https:\/\/sergiodamaso.com.br\/index.php\/wp-json\/wp\/v2\/pages\/688"}],"collection":[{"href":"https:\/\/sergiodamaso.com.br\/index.php\/wp-json\/wp\/v2\/pages"}],"about":[{"href":"https:\/\/sergiodamaso.com.br\/index.php\/wp-json\/wp\/v2\/types\/page"}],"author":[{"embeddable":true,"href":"https:\/\/sergiodamaso.com.br\/index.php\/wp-json\/wp\/v2\/users\/1"}],"replies":[{"embeddable":true,"href":"https:\/\/sergiodamaso.com.br\/index.php\/wp-json\/wp\/v2\/comments?post=688"}],"version-history":[{"count":1,"href":"https:\/\/sergiodamaso.com.br\/index.php\/wp-json\/wp\/v2\/pages\/688\/revisions"}],"predecessor-version":[{"id":690,"href":"https:\/\/sergiodamaso.com.br\/index.php\/wp-json\/wp\/v2\/pages\/688\/revisions\/690"}],"wp:attachment":[{"href":"https:\/\/sergiodamaso.com.br\/index.php\/wp-json\/wp\/v2\/media?parent=688"}],"curies":[{"name":"wp","href":"https:\/\/api.w.org\/{rel}","templated":true}]}}