{"id":655,"date":"2024-03-03T14:44:22","date_gmt":"2024-03-03T17:44:22","guid":{"rendered":"https:\/\/sergiodamaso.com.br\/?page_id=655"},"modified":"2024-03-03T14:44:22","modified_gmt":"2024-03-03T17:44:22","slug":"amigo-de-todas-as-horas","status":"publish","type":"page","link":"https:\/\/sergiodamaso.com.br\/index.php\/amigo-de-todas-as-horas\/","title":{"rendered":"AMIGO DE TODAS AS HORAS"},"content":{"rendered":"\n<figure class=\"wp-block-audio\"><audio controls src=\"https:\/\/sergiodamaso.com.br\/wp-content\/uploads\/2024\/03\/amigo-de-todas-as-horas.mp3\"><\/audio><\/figure>\n\n\n\n<p><strong><em>Mongol &amp; S\u00e9rgio D\u00e2maso<\/em><\/strong><\/p>\n\n\n\n<p>Voc\u00ea meu amigo parceiro de toda a hora<\/p>\n\n\n\n<p>certo ou n\u00e3o nunca esque\u00e7a<\/p>\n\n\n\n<p>amigo e aquele que abre a janela a porta<\/p>\n\n\n\n<p>para voc\u00ea entrar.<\/p>\n\n\n\n<p>Comer na mesma mesa<\/p>\n\n\n\n<p>beber da mesma bebida<\/p>\n\n\n\n<p>sentar a mesma mesa para falar da vida.<\/p>\n\n\n\n<p>Dividir com voc\u00ea a casa<\/p>\n\n\n\n<p>sem saber onde mora<\/p>\n\n\n\n<p>quem namora ou quando vai embora<\/p>\n\n\n\n<p>Amigo irm\u00e3o de sangue ou n\u00e3o<\/p>\n\n\n\n<p>n\u00e3o importa a hora e o tempo<\/p>\n\n\n\n<p>sou seu parceiro de todos os momentos.<\/p>\n","protected":false},"excerpt":{"rendered":"<p>Mongol &amp; S\u00e9rgio D\u00e2maso Voc\u00ea meu amigo parceiro de toda a hora certo ou n\u00e3o nunca esque\u00e7a amigo e aquele que abre a janela a porta para voc\u00ea entrar. Comer na mesma mesa beber da mesma bebida sentar a mesma mesa para falar da vida. Dividir com voc\u00ea a casa sem saber onde mora quem [&hellip;]<\/p>\n","protected":false},"author":1,"featured_media":0,"parent":0,"menu_order":0,"comment_status":"closed","ping_status":"closed","template":"","meta":[],"_links":{"self":[{"href":"https:\/\/sergiodamaso.com.br\/index.php\/wp-json\/wp\/v2\/pages\/655"}],"collection":[{"href":"https:\/\/sergiodamaso.com.br\/index.php\/wp-json\/wp\/v2\/pages"}],"about":[{"href":"https:\/\/sergiodamaso.com.br\/index.php\/wp-json\/wp\/v2\/types\/page"}],"author":[{"embeddable":true,"href":"https:\/\/sergiodamaso.com.br\/index.php\/wp-json\/wp\/v2\/users\/1"}],"replies":[{"embeddable":true,"href":"https:\/\/sergiodamaso.com.br\/index.php\/wp-json\/wp\/v2\/comments?post=655"}],"version-history":[{"count":1,"href":"https:\/\/sergiodamaso.com.br\/index.php\/wp-json\/wp\/v2\/pages\/655\/revisions"}],"predecessor-version":[{"id":657,"href":"https:\/\/sergiodamaso.com.br\/index.php\/wp-json\/wp\/v2\/pages\/655\/revisions\/657"}],"wp:attachment":[{"href":"https:\/\/sergiodamaso.com.br\/index.php\/wp-json\/wp\/v2\/media?parent=655"}],"curies":[{"name":"wp","href":"https:\/\/api.w.org\/{rel}","templated":true}]}}