{"id":614,"date":"2024-02-29T11:17:39","date_gmt":"2024-02-29T14:17:39","guid":{"rendered":"https:\/\/sergiodamaso.com.br\/?page_id=614"},"modified":"2024-03-17T01:14:49","modified_gmt":"2024-03-17T04:14:49","slug":"voce-na-minha-aventura","status":"publish","type":"page","link":"https:\/\/sergiodamaso.com.br\/index.php\/voce-na-minha-aventura\/","title":{"rendered":"VOC\u00ca NA MINHA AVENTURA"},"content":{"rendered":"\n<figure class=\"wp-block-audio\"><audio controls src=\"https:\/\/sergiodamaso.com.br\/wp-content\/uploads\/2024\/02\/Voce-na-minha-aventura.mp3\"><\/audio><\/figure>\n\n\n\n<p><strong><em>Mongol &amp; S\u00e9rgio D\u00e2maso<\/em><\/strong><\/p>\n\n\n\n<p>Cheguei devagarinho acarinhando o teu cora\u00e7\u00e3o<\/p>\n\n\n\n<p>enamorando a tua paix\u00e3o<\/p>\n\n\n\n<p>olhando voc\u00ea em pensamento.<\/p>\n\n\n\n<p>Sonhando sonhos de verdade.<\/p>\n\n\n\n<p>sonhos que podem vir<\/p>\n\n\n\n<p>estou esperando de bra\u00e7os abertos<\/p>\n\n\n\n<p>para apertar voc\u00ea que nem sei.<\/p>\n\n\n\n<p>Se sobrar\u00e3o palavras pra contar<\/p>\n\n\n\n<p>s\u00f3 sei que n\u00e3o faltar\u00e1 uma s\u00f3 voz sozinha<\/p>\n\n\n\n<p>pra dizer o que eu sinto.<\/p>\n\n\n\n<p>Na noite no fim<\/p>\n\n\n\n<p>verdades ou mentiras<\/p>\n\n\n\n<p>que voam pelos ares<\/p>\n\n\n\n<p>n\u00e3o me machuquem<\/p>\n\n\n\n<p>pois \u00e9 s\u00f3 o amor.<\/p>\n\n\n\n<p>Mesmo despeda\u00e7ado em pequenos peda\u00e7os<\/p>\n\n\n\n<p>\u00e9 o amor que procura.<\/p>\n\n\n\n<p>voc\u00ea na minha aventura.<\/p>\n\n\n\n<p>Mesmo despeda\u00e7ado em pequenos peda\u00e7os<\/p>\n\n\n\n<p>\u00e9 o amor que procura<\/p>\n\n\n\n<p>voc\u00ea na minha loucura.<\/p>\n","protected":false},"excerpt":{"rendered":"<p>Mongol &amp; S\u00e9rgio D\u00e2maso Cheguei devagarinho acarinhando o teu cora\u00e7\u00e3o enamorando a tua paix\u00e3o olhando voc\u00ea em pensamento. Sonhando sonhos de verdade. sonhos que podem vir estou esperando de bra\u00e7os abertos para apertar voc\u00ea que nem sei. Se sobrar\u00e3o palavras pra contar s\u00f3 sei que n\u00e3o faltar\u00e1 uma s\u00f3 voz sozinha pra dizer o que [&hellip;]<\/p>\n","protected":false},"author":1,"featured_media":0,"parent":0,"menu_order":0,"comment_status":"closed","ping_status":"closed","template":"","meta":[],"_links":{"self":[{"href":"https:\/\/sergiodamaso.com.br\/index.php\/wp-json\/wp\/v2\/pages\/614"}],"collection":[{"href":"https:\/\/sergiodamaso.com.br\/index.php\/wp-json\/wp\/v2\/pages"}],"about":[{"href":"https:\/\/sergiodamaso.com.br\/index.php\/wp-json\/wp\/v2\/types\/page"}],"author":[{"embeddable":true,"href":"https:\/\/sergiodamaso.com.br\/index.php\/wp-json\/wp\/v2\/users\/1"}],"replies":[{"embeddable":true,"href":"https:\/\/sergiodamaso.com.br\/index.php\/wp-json\/wp\/v2\/comments?post=614"}],"version-history":[{"count":2,"href":"https:\/\/sergiodamaso.com.br\/index.php\/wp-json\/wp\/v2\/pages\/614\/revisions"}],"predecessor-version":[{"id":990,"href":"https:\/\/sergiodamaso.com.br\/index.php\/wp-json\/wp\/v2\/pages\/614\/revisions\/990"}],"wp:attachment":[{"href":"https:\/\/sergiodamaso.com.br\/index.php\/wp-json\/wp\/v2\/media?parent=614"}],"curies":[{"name":"wp","href":"https:\/\/api.w.org\/{rel}","templated":true}]}}