{"id":611,"date":"2024-02-29T11:14:14","date_gmt":"2024-02-29T14:14:14","guid":{"rendered":"https:\/\/sergiodamaso.com.br\/?page_id=611"},"modified":"2024-03-17T01:13:42","modified_gmt":"2024-03-17T04:13:42","slug":"voce-me-traiu","status":"publish","type":"page","link":"https:\/\/sergiodamaso.com.br\/index.php\/voce-me-traiu\/","title":{"rendered":"VOC\u00ca ME TRAIU"},"content":{"rendered":"\n<figure class=\"wp-block-audio\"><audio controls src=\"https:\/\/sergiodamaso.com.br\/wp-content\/uploads\/2024\/02\/Voce-me-traiu.mp3\"><\/audio><\/figure>\n\n\n\n<p><strong><em>Mongol &amp; S\u00e9rgio D\u00e2maso<\/em><\/strong><\/p>\n\n\n\n<p>Voc\u00ea me traiu me trocou por outro<\/p>\n\n\n\n<p>deixou comigo nossa cama e nosso len\u00e7ol<\/p>\n\n\n\n<p>suas roupas penduradas no guarda-roupa<\/p>\n\n\n\n<p>nem isso voc\u00ea quis levar.<\/p>\n\n\n\n<p>Voc\u00ea foi embora e n\u00e3o olhou pra tr\u00e1s<\/p>\n\n\n\n<p>nem se lembrou do nosso amor<\/p>\n\n\n\n<p>mexido e remexido em nossa cama<\/p>\n\n\n\n<p>coberto e descoberto em nosso len\u00e7ol.<\/p>\n\n\n\n<p>Meu cora\u00e7\u00e3o vai se abrir pra outro amor entrar<\/p>\n\n\n\n<p>e n\u00e3o mais sair e n\u00e3o me deixar<\/p>\n\n\n\n<p>esse inverno que eu sinto agora vai passar<\/p>\n\n\n\n<p>um algu\u00e9m que vai chegar iluminando e aquecendo como o sol<\/p>\n\n\n\n<p>e fazer amor gostoso em nossa cama<\/p>\n\n\n\n<p>e secar o meu suor como nosso len\u00e7ol<\/p>\n\n\n\n<p>e dizer que me ama.<\/p>\n\n\n\n<p>Vai vai vai<\/p>\n\n\n\n<p>segue o teu caminho<\/p>\n\n\n\n<p>vai vai vai<\/p>\n\n\n\n<p>esque\u00e7a o nosso ninho<\/p>\n\n\n\n<p>vai vai vai<\/p>\n\n\n\n<p>que meu cora\u00e7\u00e3o n\u00e3o vai ficar sozinho.<\/p>\n\n\n\n<p>Da minha vida agora cuido eu<\/p>\n\n\n\n<p>voc\u00ea perdeu o meu louco amor<\/p>\n\n\n\n<p>vai embora adeus.<\/p>\n","protected":false},"excerpt":{"rendered":"<p>Mongol &amp; S\u00e9rgio D\u00e2maso Voc\u00ea me traiu me trocou por outro deixou comigo nossa cama e nosso len\u00e7ol suas roupas penduradas no guarda-roupa nem isso voc\u00ea quis levar. Voc\u00ea foi embora e n\u00e3o olhou pra tr\u00e1s nem se lembrou do nosso amor mexido e remexido em nossa cama coberto e descoberto em nosso len\u00e7ol. Meu [&hellip;]<\/p>\n","protected":false},"author":1,"featured_media":0,"parent":0,"menu_order":0,"comment_status":"closed","ping_status":"closed","template":"","meta":[],"_links":{"self":[{"href":"https:\/\/sergiodamaso.com.br\/index.php\/wp-json\/wp\/v2\/pages\/611"}],"collection":[{"href":"https:\/\/sergiodamaso.com.br\/index.php\/wp-json\/wp\/v2\/pages"}],"about":[{"href":"https:\/\/sergiodamaso.com.br\/index.php\/wp-json\/wp\/v2\/types\/page"}],"author":[{"embeddable":true,"href":"https:\/\/sergiodamaso.com.br\/index.php\/wp-json\/wp\/v2\/users\/1"}],"replies":[{"embeddable":true,"href":"https:\/\/sergiodamaso.com.br\/index.php\/wp-json\/wp\/v2\/comments?post=611"}],"version-history":[{"count":2,"href":"https:\/\/sergiodamaso.com.br\/index.php\/wp-json\/wp\/v2\/pages\/611\/revisions"}],"predecessor-version":[{"id":989,"href":"https:\/\/sergiodamaso.com.br\/index.php\/wp-json\/wp\/v2\/pages\/611\/revisions\/989"}],"wp:attachment":[{"href":"https:\/\/sergiodamaso.com.br\/index.php\/wp-json\/wp\/v2\/media?parent=611"}],"curies":[{"name":"wp","href":"https:\/\/api.w.org\/{rel}","templated":true}]}}