{"id":605,"date":"2024-02-29T11:04:39","date_gmt":"2024-02-29T14:04:39","guid":{"rendered":"https:\/\/sergiodamaso.com.br\/?page_id=605"},"modified":"2024-02-29T11:04:40","modified_gmt":"2024-02-29T14:04:40","slug":"voce-chegou-assim","status":"publish","type":"page","link":"https:\/\/sergiodamaso.com.br\/index.php\/voce-chegou-assim\/","title":{"rendered":"VOC\u00ca CHEGOU ASSIM"},"content":{"rendered":"\n<figure class=\"wp-block-audio\"><audio controls src=\"https:\/\/sergiodamaso.com.br\/wp-content\/uploads\/2024\/02\/Voce-chegou-assim.mp3\"><\/audio><\/figure>\n\n\n\n<p>Voc\u00ea chegou assim devagarinho<\/p>\n\n\n\n<p>com carinho parecia um passarinho<\/p>\n\n\n\n<p>perdida procurando o seu ninho<\/p>\n\n\n\n<p>depois de tanto sozinha voar.<\/p>\n\n\n\n<p>Seu cora\u00e7\u00e3o se abriu<\/p>\n\n\n\n<p>mais r\u00e1pido que imediatamente<\/p>\n\n\n\n<p>entrei nele t\u00e3o rapidamente<\/p>\n\n\n\n<p>que ele nunca mais nunca mais vai fechar.<\/p>\n\n\n\n<p>Voa voa voa voa<\/p>\n\n\n\n<p>agora voc\u00ea tem um ninho<\/p>\n\n\n\n<p>voa voa voa voa<\/p>\n\n\n\n<p>agora voc\u00ea tem um amor.<\/p>\n\n\n\n<p>Para amar como o sol ama o amanhecer<\/p>\n\n\n\n<p>para amar como a lua ama o anoitecer<\/p>\n\n\n\n<p>na primavera no ver\u00e3o<\/p>\n\n\n\n<p>no outono e no inverno te aquecer.<\/p>\n","protected":false},"excerpt":{"rendered":"<p>Voc\u00ea chegou assim devagarinho com carinho parecia um passarinho perdida procurando o seu ninho depois de tanto sozinha voar. Seu cora\u00e7\u00e3o se abriu mais r\u00e1pido que imediatamente entrei nele t\u00e3o rapidamente que ele nunca mais nunca mais vai fechar. Voa voa voa voa agora voc\u00ea tem um ninho voa voa voa voa agora voc\u00ea tem [&hellip;]<\/p>\n","protected":false},"author":1,"featured_media":0,"parent":0,"menu_order":0,"comment_status":"closed","ping_status":"closed","template":"","meta":[],"_links":{"self":[{"href":"https:\/\/sergiodamaso.com.br\/index.php\/wp-json\/wp\/v2\/pages\/605"}],"collection":[{"href":"https:\/\/sergiodamaso.com.br\/index.php\/wp-json\/wp\/v2\/pages"}],"about":[{"href":"https:\/\/sergiodamaso.com.br\/index.php\/wp-json\/wp\/v2\/types\/page"}],"author":[{"embeddable":true,"href":"https:\/\/sergiodamaso.com.br\/index.php\/wp-json\/wp\/v2\/users\/1"}],"replies":[{"embeddable":true,"href":"https:\/\/sergiodamaso.com.br\/index.php\/wp-json\/wp\/v2\/comments?post=605"}],"version-history":[{"count":1,"href":"https:\/\/sergiodamaso.com.br\/index.php\/wp-json\/wp\/v2\/pages\/605\/revisions"}],"predecessor-version":[{"id":607,"href":"https:\/\/sergiodamaso.com.br\/index.php\/wp-json\/wp\/v2\/pages\/605\/revisions\/607"}],"wp:attachment":[{"href":"https:\/\/sergiodamaso.com.br\/index.php\/wp-json\/wp\/v2\/media?parent=605"}],"curies":[{"name":"wp","href":"https:\/\/api.w.org\/{rel}","templated":true}]}}