{"id":599,"date":"2024-02-29T10:58:52","date_gmt":"2024-02-29T13:58:52","guid":{"rendered":"https:\/\/sergiodamaso.com.br\/?page_id=599"},"modified":"2024-03-17T01:11:55","modified_gmt":"2024-03-17T04:11:55","slug":"verdades-ou-mentiras","status":"publish","type":"page","link":"https:\/\/sergiodamaso.com.br\/index.php\/verdades-ou-mentiras\/","title":{"rendered":"VERDADES OU MENTIRAS"},"content":{"rendered":"\n<figure class=\"wp-block-audio\"><audio controls src=\"https:\/\/sergiodamaso.com.br\/wp-content\/uploads\/2024\/02\/Verdades-ou-mentiras-1.mp3\"><\/audio><\/figure>\n\n\n\n<p><strong><em>Mongol &amp; S\u00e9rgio D\u00e2maso<\/em><\/strong><\/p>\n\n\n\n<p>J\u00e1 sei de tudo n\u00e3o precisa mentir<\/p>\n\n\n\n<p>nem disfar\u00e7ar j\u00e1 sei demais pode ir<\/p>\n\n\n\n<p>n\u00e3o quero saber de mais nada<\/p>\n\n\n\n<p>verdades ou mentiras de mais nada.<\/p>\n\n\n\n<p>Pode at\u00e9 rezar at\u00e9 confessar<\/p>\n\n\n\n<p>tudo mas nada mais n\u00e3o importa agora<\/p>\n\n\n\n<p>mentiras nem verdades j\u00e1 passou meu bem<\/p>\n\n\n\n<p>j\u00e1 passou meu bem pode ir embora.<\/p>\n\n\n\n<p>Se s\u00e3o mentiras n\u00e3o importa<\/p>\n\n\n\n<p>se s\u00e3o verdades n\u00e3o quero saber<\/p>\n\n\n\n<p>j\u00e1 n\u00e3o cabe mais em mim<\/p>\n\n\n\n<p>meu cora\u00e7\u00e3o est\u00e1 ferido<\/p>\n\n\n\n<p>magoado e mergulhado no po\u00e7o da sua ilus\u00e3o.<\/p>\n","protected":false},"excerpt":{"rendered":"<p>Mongol &amp; S\u00e9rgio D\u00e2maso J\u00e1 sei de tudo n\u00e3o precisa mentir nem disfar\u00e7ar j\u00e1 sei demais pode ir n\u00e3o quero saber de mais nada verdades ou mentiras de mais nada. Pode at\u00e9 rezar at\u00e9 confessar tudo mas nada mais n\u00e3o importa agora mentiras nem verdades j\u00e1 passou meu bem j\u00e1 passou meu bem pode ir [&hellip;]<\/p>\n","protected":false},"author":1,"featured_media":0,"parent":0,"menu_order":0,"comment_status":"closed","ping_status":"closed","template":"","meta":[],"_links":{"self":[{"href":"https:\/\/sergiodamaso.com.br\/index.php\/wp-json\/wp\/v2\/pages\/599"}],"collection":[{"href":"https:\/\/sergiodamaso.com.br\/index.php\/wp-json\/wp\/v2\/pages"}],"about":[{"href":"https:\/\/sergiodamaso.com.br\/index.php\/wp-json\/wp\/v2\/types\/page"}],"author":[{"embeddable":true,"href":"https:\/\/sergiodamaso.com.br\/index.php\/wp-json\/wp\/v2\/users\/1"}],"replies":[{"embeddable":true,"href":"https:\/\/sergiodamaso.com.br\/index.php\/wp-json\/wp\/v2\/comments?post=599"}],"version-history":[{"count":3,"href":"https:\/\/sergiodamaso.com.br\/index.php\/wp-json\/wp\/v2\/pages\/599\/revisions"}],"predecessor-version":[{"id":987,"href":"https:\/\/sergiodamaso.com.br\/index.php\/wp-json\/wp\/v2\/pages\/599\/revisions\/987"}],"wp:attachment":[{"href":"https:\/\/sergiodamaso.com.br\/index.php\/wp-json\/wp\/v2\/media?parent=599"}],"curies":[{"name":"wp","href":"https:\/\/api.w.org\/{rel}","templated":true}]}}