{"id":587,"date":"2024-02-29T10:46:08","date_gmt":"2024-02-29T13:46:08","guid":{"rendered":"https:\/\/sergiodamaso.com.br\/?page_id=587"},"modified":"2024-03-17T01:09:51","modified_gmt":"2024-03-17T04:09:51","slug":"um-novo-tempo","status":"publish","type":"page","link":"https:\/\/sergiodamaso.com.br\/index.php\/um-novo-tempo\/","title":{"rendered":"UM NOVO TEMPO"},"content":{"rendered":"\n<figure class=\"wp-block-audio\"><audio controls src=\"https:\/\/sergiodamaso.com.br\/wp-content\/uploads\/2024\/02\/Um-novo-tempo.mp3\"><\/audio><\/figure>\n\n\n\n<p><strong><em>Mongol &amp; S\u00e9rgio D\u00e2maso<\/em><\/strong><\/p>\n\n\n\n<p>Um novo tempo est\u00e1 por vir<\/p>\n\n\n\n<p>para alegrar ou machucar<\/p>\n\n\n\n<p>os astros n\u00e3o mentem n\u00e3o enganam<\/p>\n\n\n\n<p>que um novo tempo vai chegar<\/p>\n\n\n\n<p>e um velho tempo vai ficar<\/p>\n\n\n\n<p>\u00e9 uma mistura de dor e de paz<\/p>\n\n\n\n<p>voc\u00ea tem que ter no espelho<\/p>\n\n\n\n<p>a sombra bem num fundo<\/p>\n\n\n\n<p>refletindo a luz de n\u00f3s<\/p>\n\n\n\n<p>o mundo pede passagem<\/p>\n\n\n\n<p>num bilhete cor azul com marca d\u2019\u00e1gua verde<\/p>\n\n\n\n<p>te dizendo muda tua vida muda teu o teu amor.<\/p>\n\n\n\n<p>N\u00e3o tem respostas nem perguntas<\/p>\n\n\n\n<p>o ano n\u00e3o muda de cor mas o sol<\/p>\n\n\n\n<p>quando sair vai trazer a cor<\/p>\n\n\n\n<p>ou se quiser pode esperar a lua esconder<\/p>\n\n\n\n<p>eles n\u00e3o salvar\u00e3o o tempo perdido<\/p>\n\n\n\n<p>nem milh\u00f5es estrelas que ainda brilham l\u00e1 no c\u00e9u<\/p>\n\n\n\n<p>poder\u00e3o fazer voltar os momentos n\u00e3o se iluda<\/p>\n\n\n\n<p>vai e segue o teu cora\u00e7\u00e3o que ama com voc\u00ea<\/p>\n\n\n\n<p>sonha e fica com voc\u00ea enquanto o tempo passa e muda.<\/p>\n","protected":false},"excerpt":{"rendered":"<p>Mongol &amp; S\u00e9rgio D\u00e2maso Um novo tempo est\u00e1 por vir para alegrar ou machucar os astros n\u00e3o mentem n\u00e3o enganam que um novo tempo vai chegar e um velho tempo vai ficar \u00e9 uma mistura de dor e de paz voc\u00ea tem que ter no espelho a sombra bem num fundo refletindo a luz de [&hellip;]<\/p>\n","protected":false},"author":1,"featured_media":0,"parent":0,"menu_order":0,"comment_status":"closed","ping_status":"closed","template":"","meta":[],"_links":{"self":[{"href":"https:\/\/sergiodamaso.com.br\/index.php\/wp-json\/wp\/v2\/pages\/587"}],"collection":[{"href":"https:\/\/sergiodamaso.com.br\/index.php\/wp-json\/wp\/v2\/pages"}],"about":[{"href":"https:\/\/sergiodamaso.com.br\/index.php\/wp-json\/wp\/v2\/types\/page"}],"author":[{"embeddable":true,"href":"https:\/\/sergiodamaso.com.br\/index.php\/wp-json\/wp\/v2\/users\/1"}],"replies":[{"embeddable":true,"href":"https:\/\/sergiodamaso.com.br\/index.php\/wp-json\/wp\/v2\/comments?post=587"}],"version-history":[{"count":2,"href":"https:\/\/sergiodamaso.com.br\/index.php\/wp-json\/wp\/v2\/pages\/587\/revisions"}],"predecessor-version":[{"id":984,"href":"https:\/\/sergiodamaso.com.br\/index.php\/wp-json\/wp\/v2\/pages\/587\/revisions\/984"}],"wp:attachment":[{"href":"https:\/\/sergiodamaso.com.br\/index.php\/wp-json\/wp\/v2\/media?parent=587"}],"curies":[{"name":"wp","href":"https:\/\/api.w.org\/{rel}","templated":true}]}}