{"id":502,"date":"2024-02-29T08:45:16","date_gmt":"2024-02-29T11:45:16","guid":{"rendered":"https:\/\/sergiodamaso.com.br\/?page_id=502"},"modified":"2024-03-17T00:43:40","modified_gmt":"2024-03-17T03:43:40","slug":"quanto-mais-desejo","status":"publish","type":"page","link":"https:\/\/sergiodamaso.com.br\/index.php\/quanto-mais-desejo\/","title":{"rendered":"QUANTO MAIS DESEJO"},"content":{"rendered":"\n<figure class=\"wp-block-audio\"><audio controls src=\"https:\/\/sergiodamaso.com.br\/wp-content\/uploads\/2024\/02\/Quanto-mais-desejo.mp3\"><\/audio><\/figure>\n\n\n\n<p><strong><em>Mongol &amp; S\u00e9rgio D\u00e2maso<\/em><\/strong><\/p>\n\n\n\n<p>Quanto mais desejo tua paix\u00e3o<\/p>\n\n\n\n<p>\u00e9 s\u00f3 pensar voc\u00ea<\/p>\n\n\n\n<p>\u00e9 s\u00f3 ver e viver voc\u00ea.<\/p>\n\n\n\n<p>Quanto mais eu sinto teu amor<\/p>\n\n\n\n<p>tudo parece ser<\/p>\n\n\n\n<p>\u00e1gua que vira vinho vinho<\/p>\n\n\n\n<p>vidro que vira espelho em ti<\/p>\n\n\n\n<p>esmeralda que vira rubi.<\/p>\n\n\n\n<p>Por mais que eu queira<\/p>\n\n\n\n<p>chuva que apague o fogo em mim<\/p>\n\n\n\n<p>que a morte volte a vida assim<\/p>\n\n\n\n<p>mas que tudo<\/p>\n\n\n\n<p>sinto que quero somente a ti.<\/p>\n","protected":false},"excerpt":{"rendered":"<p>Mongol &amp; S\u00e9rgio D\u00e2maso Quanto mais desejo tua paix\u00e3o \u00e9 s\u00f3 pensar voc\u00ea \u00e9 s\u00f3 ver e viver voc\u00ea. Quanto mais eu sinto teu amor tudo parece ser \u00e1gua que vira vinho vinho vidro que vira espelho em ti esmeralda que vira rubi. Por mais que eu queira chuva que apague o fogo em mim [&hellip;]<\/p>\n","protected":false},"author":1,"featured_media":0,"parent":0,"menu_order":0,"comment_status":"closed","ping_status":"closed","template":"","meta":[],"_links":{"self":[{"href":"https:\/\/sergiodamaso.com.br\/index.php\/wp-json\/wp\/v2\/pages\/502"}],"collection":[{"href":"https:\/\/sergiodamaso.com.br\/index.php\/wp-json\/wp\/v2\/pages"}],"about":[{"href":"https:\/\/sergiodamaso.com.br\/index.php\/wp-json\/wp\/v2\/types\/page"}],"author":[{"embeddable":true,"href":"https:\/\/sergiodamaso.com.br\/index.php\/wp-json\/wp\/v2\/users\/1"}],"replies":[{"embeddable":true,"href":"https:\/\/sergiodamaso.com.br\/index.php\/wp-json\/wp\/v2\/comments?post=502"}],"version-history":[{"count":2,"href":"https:\/\/sergiodamaso.com.br\/index.php\/wp-json\/wp\/v2\/pages\/502\/revisions"}],"predecessor-version":[{"id":959,"href":"https:\/\/sergiodamaso.com.br\/index.php\/wp-json\/wp\/v2\/pages\/502\/revisions\/959"}],"wp:attachment":[{"href":"https:\/\/sergiodamaso.com.br\/index.php\/wp-json\/wp\/v2\/media?parent=502"}],"curies":[{"name":"wp","href":"https:\/\/api.w.org\/{rel}","templated":true}]}}