{"id":499,"date":"2024-02-29T08:43:24","date_gmt":"2024-02-29T11:43:24","guid":{"rendered":"https:\/\/sergiodamaso.com.br\/?page_id=499"},"modified":"2024-03-17T00:43:01","modified_gmt":"2024-03-17T03:43:01","slug":"quando-suspiras","status":"publish","type":"page","link":"https:\/\/sergiodamaso.com.br\/index.php\/quando-suspiras\/","title":{"rendered":"QUANDO SUSPIRAS"},"content":{"rendered":"\n<figure class=\"wp-block-audio\"><audio controls src=\"https:\/\/sergiodamaso.com.br\/wp-content\/uploads\/2024\/02\/Quando-suspiras.mp3\"><\/audio><\/figure>\n\n\n\n<p><strong><em>Mongol &amp; S\u00e9rgio D\u00e2maso<\/em><\/strong><\/p>\n\n\n\n<p>Quando suspiras ao lamber os meus l\u00e1bios<\/p>\n\n\n\n<p>minha boca respira todas as coisas<\/p>\n\n\n\n<p>meu cora\u00e7\u00e3o jamais poderia imaginar<\/p>\n\n\n\n<p>voc\u00ea numa noite ou num dia.<\/p>\n\n\n\n<p>Coisas assim s\u00e3o t\u00e3o gostosas<\/p>\n\n\n\n<p>como bolos com sorvetes<\/p>\n\n\n\n<p>como amores com flores<\/p>\n\n\n\n<p>como prazeres com deleites.<\/p>\n\n\n\n<p>Meu Deus que coisa mais linda \u00e9 voc\u00ea<\/p>\n\n\n\n<p>a mais bela mulher a querer<\/p>\n\n\n\n<p>que eu lembre com tanto prazer<\/p>\n\n\n\n<p>teu beijo molhado em minha boca.<\/p>\n","protected":false},"excerpt":{"rendered":"<p>Mongol &amp; S\u00e9rgio D\u00e2maso Quando suspiras ao lamber os meus l\u00e1bios minha boca respira todas as coisas meu cora\u00e7\u00e3o jamais poderia imaginar voc\u00ea numa noite ou num dia. Coisas assim s\u00e3o t\u00e3o gostosas como bolos com sorvetes como amores com flores como prazeres com deleites. Meu Deus que coisa mais linda \u00e9 voc\u00ea a mais [&hellip;]<\/p>\n","protected":false},"author":1,"featured_media":0,"parent":0,"menu_order":0,"comment_status":"closed","ping_status":"closed","template":"","meta":[],"_links":{"self":[{"href":"https:\/\/sergiodamaso.com.br\/index.php\/wp-json\/wp\/v2\/pages\/499"}],"collection":[{"href":"https:\/\/sergiodamaso.com.br\/index.php\/wp-json\/wp\/v2\/pages"}],"about":[{"href":"https:\/\/sergiodamaso.com.br\/index.php\/wp-json\/wp\/v2\/types\/page"}],"author":[{"embeddable":true,"href":"https:\/\/sergiodamaso.com.br\/index.php\/wp-json\/wp\/v2\/users\/1"}],"replies":[{"embeddable":true,"href":"https:\/\/sergiodamaso.com.br\/index.php\/wp-json\/wp\/v2\/comments?post=499"}],"version-history":[{"count":2,"href":"https:\/\/sergiodamaso.com.br\/index.php\/wp-json\/wp\/v2\/pages\/499\/revisions"}],"predecessor-version":[{"id":958,"href":"https:\/\/sergiodamaso.com.br\/index.php\/wp-json\/wp\/v2\/pages\/499\/revisions\/958"}],"wp:attachment":[{"href":"https:\/\/sergiodamaso.com.br\/index.php\/wp-json\/wp\/v2\/media?parent=499"}],"curies":[{"name":"wp","href":"https:\/\/api.w.org\/{rel}","templated":true}]}}