{"id":493,"date":"2024-02-29T08:35:20","date_gmt":"2024-02-29T11:35:20","guid":{"rendered":"https:\/\/sergiodamaso.com.br\/?page_id=493"},"modified":"2024-03-17T00:40:38","modified_gmt":"2024-03-17T03:40:38","slug":"pode-cair-fora","status":"publish","type":"page","link":"https:\/\/sergiodamaso.com.br\/index.php\/pode-cair-fora\/","title":{"rendered":"PODE CAIR FORA"},"content":{"rendered":"\n<figure class=\"wp-block-audio\"><audio controls src=\"https:\/\/sergiodamaso.com.br\/wp-content\/uploads\/2024\/02\/Pode-cair-fora.mp3\"><\/audio><\/figure>\n\n\n\n<p><strong><em>Mongol &amp; S\u00e9rgio D\u00e2maso<\/em><\/strong><\/p>\n\n\n\n<p>Pode cair fora da minha vida<\/p>\n\n\n\n<p>voc\u00ea n\u00e3o \u00e9 mais a mina da hora<\/p>\n\n\n\n<p>n\u00e3o faz mais amor e nem deita gostoso comigo<\/p>\n\n\n\n<p>pois sei que tem outro cara em sua vida.<\/p>\n\n\n\n<p>Ai ai ai eu fui fiel eu fui<\/p>\n\n\n\n<p>te amava te mordiscava<\/p>\n\n\n\n<p>de noite de manh\u00e3<\/p>\n\n\n\n<p>te enchia de beijos.<\/p>\n\n\n\n<p>Voc\u00ea n\u00e3o valorizou o nosso amor<\/p>\n\n\n\n<p>cansei de ser o seu homem<\/p>\n\n\n\n<p>n\u00e3o fa\u00e7o papel de carbono<\/p>\n\n\n\n<p>que tem duas faces.<\/p>\n\n\n\n<p>Sua lembran\u00e7a eu joguei<\/p>\n\n\n\n<p>pela janela embrulhada num jornal<\/p>\n\n\n\n<p>junto com sua trai\u00e7\u00e3o<\/p>\n\n\n\n<p>pra voc\u00ea nunca mais voltar.<\/p>\n","protected":false},"excerpt":{"rendered":"<p>Mongol &amp; S\u00e9rgio D\u00e2maso Pode cair fora da minha vida voc\u00ea n\u00e3o \u00e9 mais a mina da hora n\u00e3o faz mais amor e nem deita gostoso comigo pois sei que tem outro cara em sua vida. Ai ai ai eu fui fiel eu fui te amava te mordiscava de noite de manh\u00e3 te enchia de [&hellip;]<\/p>\n","protected":false},"author":1,"featured_media":0,"parent":0,"menu_order":0,"comment_status":"closed","ping_status":"closed","template":"","meta":[],"_links":{"self":[{"href":"https:\/\/sergiodamaso.com.br\/index.php\/wp-json\/wp\/v2\/pages\/493"}],"collection":[{"href":"https:\/\/sergiodamaso.com.br\/index.php\/wp-json\/wp\/v2\/pages"}],"about":[{"href":"https:\/\/sergiodamaso.com.br\/index.php\/wp-json\/wp\/v2\/types\/page"}],"author":[{"embeddable":true,"href":"https:\/\/sergiodamaso.com.br\/index.php\/wp-json\/wp\/v2\/users\/1"}],"replies":[{"embeddable":true,"href":"https:\/\/sergiodamaso.com.br\/index.php\/wp-json\/wp\/v2\/comments?post=493"}],"version-history":[{"count":2,"href":"https:\/\/sergiodamaso.com.br\/index.php\/wp-json\/wp\/v2\/pages\/493\/revisions"}],"predecessor-version":[{"id":956,"href":"https:\/\/sergiodamaso.com.br\/index.php\/wp-json\/wp\/v2\/pages\/493\/revisions\/956"}],"wp:attachment":[{"href":"https:\/\/sergiodamaso.com.br\/index.php\/wp-json\/wp\/v2\/media?parent=493"}],"curies":[{"name":"wp","href":"https:\/\/api.w.org\/{rel}","templated":true}]}}