{"id":473,"date":"2024-02-29T00:31:02","date_gmt":"2024-02-29T03:31:02","guid":{"rendered":"https:\/\/sergiodamaso.com.br\/?page_id=473"},"modified":"2024-03-17T00:33:18","modified_gmt":"2024-03-17T03:33:18","slug":"papel-de-seda","status":"publish","type":"page","link":"https:\/\/sergiodamaso.com.br\/index.php\/papel-de-seda\/","title":{"rendered":"PAPEL DE SEDA"},"content":{"rendered":"\n<figure class=\"wp-block-audio\"><audio controls src=\"https:\/\/sergiodamaso.com.br\/wp-content\/uploads\/2024\/02\/Papel-de-seda.mp3\"><\/audio><\/figure>\n\n\n\n<p><strong><em>Mongol &amp; S\u00e9rgio D\u00e2maso<\/em><\/strong><\/p>\n\n\n\n<p>Papel de seda vou te usar<\/p>\n\n\n\n<p>talvez quem sabe abusar<\/p>\n\n\n\n<p>para embrulhar uma coisa pra ela<\/p>\n\n\n\n<p>sua cor ainda n\u00e3o sei.<\/p>\n\n\n\n<p>Pensei no vermelho rosa ou azul<\/p>\n\n\n\n<p>nem sei qual ainda vou usar<\/p>\n\n\n\n<p>me faz pensar pra n\u00e3o errar<\/p>\n\n\n\n<p>o que dentro de voc\u00ea estar\u00e1.<\/p>\n\n\n\n<p>S\u00f3 sei que ser\u00e1 voc\u00ea papel<\/p>\n\n\n\n<p>que vai cobrir com sua seda<\/p>\n\n\n\n<p>na cor escolhida por mim levar\u00e1<\/p>\n\n\n\n<p>o que dentro de voc\u00ea estar\u00e1.<\/p>\n\n\n\n<p>Papel papel de seda march\u00ea<\/p>\n\n\n\n<p>quero que guarde uma coisa com voc\u00ea<\/p>\n\n\n\n<p>guarde pra ela sentir ao abrir<\/p>\n\n\n\n<p>meu carinho saindo de dentro de voc\u00ea.<\/p>\n\n\n\n<p>Seja que cor enfim papel march\u00ea<\/p>\n\n\n\n<p>ela vai querer sim eu dentro de voc\u00ea<\/p>\n\n\n\n<p>seja que cor enfim papel march\u00ea<\/p>\n\n\n\n<p>ela vai querer sim o amor dentro de mim.<\/p>\n","protected":false},"excerpt":{"rendered":"<p>Mongol &amp; S\u00e9rgio D\u00e2maso Papel de seda vou te usar talvez quem sabe abusar para embrulhar uma coisa pra ela sua cor ainda n\u00e3o sei. Pensei no vermelho rosa ou azul nem sei qual ainda vou usar me faz pensar pra n\u00e3o errar o que dentro de voc\u00ea estar\u00e1. S\u00f3 sei que ser\u00e1 voc\u00ea papel [&hellip;]<\/p>\n","protected":false},"author":1,"featured_media":0,"parent":0,"menu_order":0,"comment_status":"closed","ping_status":"closed","template":"","meta":[],"_links":{"self":[{"href":"https:\/\/sergiodamaso.com.br\/index.php\/wp-json\/wp\/v2\/pages\/473"}],"collection":[{"href":"https:\/\/sergiodamaso.com.br\/index.php\/wp-json\/wp\/v2\/pages"}],"about":[{"href":"https:\/\/sergiodamaso.com.br\/index.php\/wp-json\/wp\/v2\/types\/page"}],"author":[{"embeddable":true,"href":"https:\/\/sergiodamaso.com.br\/index.php\/wp-json\/wp\/v2\/users\/1"}],"replies":[{"embeddable":true,"href":"https:\/\/sergiodamaso.com.br\/index.php\/wp-json\/wp\/v2\/comments?post=473"}],"version-history":[{"count":2,"href":"https:\/\/sergiodamaso.com.br\/index.php\/wp-json\/wp\/v2\/pages\/473\/revisions"}],"predecessor-version":[{"id":951,"href":"https:\/\/sergiodamaso.com.br\/index.php\/wp-json\/wp\/v2\/pages\/473\/revisions\/951"}],"wp:attachment":[{"href":"https:\/\/sergiodamaso.com.br\/index.php\/wp-json\/wp\/v2\/media?parent=473"}],"curies":[{"name":"wp","href":"https:\/\/api.w.org\/{rel}","templated":true}]}}