{"id":470,"date":"2024-02-29T00:29:34","date_gmt":"2024-02-29T03:29:34","guid":{"rendered":"https:\/\/sergiodamaso.com.br\/?page_id=470"},"modified":"2024-03-17T00:32:41","modified_gmt":"2024-03-17T03:32:41","slug":"papel-carbono","status":"publish","type":"page","link":"https:\/\/sergiodamaso.com.br\/index.php\/papel-carbono\/","title":{"rendered":"PAPEL CARBONO"},"content":{"rendered":"\n<figure class=\"wp-block-audio\"><audio controls src=\"https:\/\/sergiodamaso.com.br\/wp-content\/uploads\/2024\/02\/Papel-Carbono.mp3\"><\/audio><\/figure>\n\n\n\n<p><strong><em>Mongol &amp; S\u00e9rgio D\u00e2maso<\/em><\/strong><\/p>\n\n\n\n<p>Comprei um papel carbono<\/p>\n\n\n\n<p>para copiar e depois tatuar<\/p>\n\n\n\n<p>o corpo dela ao meu<\/p>\n\n\n\n<p>nua da cabe\u00e7a aos p\u00e9s.<\/p>\n\n\n\n<p>Assim ela nunca me deixar\u00e1<\/p>\n\n\n\n<p>ficar\u00e1 sempre colada em mim<\/p>\n\n\n\n<p>todos os dias para sentirmos<\/p>\n\n\n\n<p>todos os nossos prazeres.<\/p>\n\n\n\n<p>Meu papel carbono<\/p>\n\n\n\n<p>meu papel de seda<\/p>\n\n\n\n<p>matei minha sede<\/p>\n\n\n\n<p>e a dela pra sempre.<\/p>\n\n\n\n<p>Agora n\u00e3o precisaremos mais<\/p>\n\n\n\n<p>sentir em nossos sonhos imagin\u00e1rios<\/p>\n\n\n\n<p>nossos corpos suados colados<\/p>\n\n\n\n<p>t\u00e3o distantes assim.<\/p>\n","protected":false},"excerpt":{"rendered":"<p>Mongol &amp; S\u00e9rgio D\u00e2maso Comprei um papel carbono para copiar e depois tatuar o corpo dela ao meu nua da cabe\u00e7a aos p\u00e9s. Assim ela nunca me deixar\u00e1 ficar\u00e1 sempre colada em mim todos os dias para sentirmos todos os nossos prazeres. Meu papel carbono meu papel de seda matei minha sede e a dela [&hellip;]<\/p>\n","protected":false},"author":1,"featured_media":0,"parent":0,"menu_order":0,"comment_status":"closed","ping_status":"closed","template":"","meta":[],"_links":{"self":[{"href":"https:\/\/sergiodamaso.com.br\/index.php\/wp-json\/wp\/v2\/pages\/470"}],"collection":[{"href":"https:\/\/sergiodamaso.com.br\/index.php\/wp-json\/wp\/v2\/pages"}],"about":[{"href":"https:\/\/sergiodamaso.com.br\/index.php\/wp-json\/wp\/v2\/types\/page"}],"author":[{"embeddable":true,"href":"https:\/\/sergiodamaso.com.br\/index.php\/wp-json\/wp\/v2\/users\/1"}],"replies":[{"embeddable":true,"href":"https:\/\/sergiodamaso.com.br\/index.php\/wp-json\/wp\/v2\/comments?post=470"}],"version-history":[{"count":2,"href":"https:\/\/sergiodamaso.com.br\/index.php\/wp-json\/wp\/v2\/pages\/470\/revisions"}],"predecessor-version":[{"id":950,"href":"https:\/\/sergiodamaso.com.br\/index.php\/wp-json\/wp\/v2\/pages\/470\/revisions\/950"}],"wp:attachment":[{"href":"https:\/\/sergiodamaso.com.br\/index.php\/wp-json\/wp\/v2\/media?parent=470"}],"curies":[{"name":"wp","href":"https:\/\/api.w.org\/{rel}","templated":true}]}}