{"id":467,"date":"2024-02-29T00:18:48","date_gmt":"2024-02-29T03:18:48","guid":{"rendered":"https:\/\/sergiodamaso.com.br\/?page_id=467"},"modified":"2024-03-17T00:31:43","modified_gmt":"2024-03-17T03:31:43","slug":"o-poder-da-traicao","status":"publish","type":"page","link":"https:\/\/sergiodamaso.com.br\/index.php\/o-poder-da-traicao\/","title":{"rendered":"O PODER DA TRAI\u00c7\u00c3O"},"content":{"rendered":"\n<figure class=\"wp-block-audio\"><audio controls src=\"https:\/\/sergiodamaso.com.br\/wp-content\/uploads\/2024\/02\/O-poder-da-traicao.mp3\"><\/audio><\/figure>\n\n\n\n<p><strong><em>Mongol &amp; S\u00e9rgio D\u00e2maso<\/em><\/strong><\/p>\n\n\n\n<p>Quantas dificuldades vividas<\/p>\n\n\n\n<p>n\u00e3o \u00e9 bom nem pensar<\/p>\n\n\n\n<p>muito menos lembrar<\/p>\n\n\n\n<p>de todas as trai\u00e7\u00f5es.<\/p>\n\n\n\n<p>Sei que o vento sopra numa s\u00f3 dire\u00e7\u00e3o<\/p>\n\n\n\n<p>rio corre pro mar<\/p>\n\n\n\n<p>o sol nasce no leste<\/p>\n\n\n\n<p>morre belo e triste no oeste.<\/p>\n\n\n\n<p>Mas a lua tamb\u00e9m vai nascer<\/p>\n\n\n\n<p>numa noite para me trazer<\/p>\n\n\n\n<p>um pouco de prazer pra minha vida&nbsp;&nbsp;&nbsp;&nbsp;&nbsp;&nbsp;&nbsp;&nbsp;&nbsp;&nbsp;&nbsp;&nbsp;&nbsp;&nbsp;&nbsp;&nbsp;&nbsp;&nbsp;&nbsp;&nbsp;&nbsp;&nbsp;&nbsp;&nbsp;&nbsp;<\/p>\n\n\n\n<p>que perdi e vou recuperar&nbsp;&nbsp;&nbsp;&nbsp;&nbsp;&nbsp;&nbsp;&nbsp;&nbsp;&nbsp;&nbsp;&nbsp;&nbsp;&nbsp;&nbsp;&nbsp;&nbsp;&nbsp;&nbsp;&nbsp;&nbsp;&nbsp;&nbsp;&nbsp;&nbsp;&nbsp;&nbsp;&nbsp;&nbsp;&nbsp;&nbsp;&nbsp;&nbsp;&nbsp;&nbsp;&nbsp;&nbsp;&nbsp;&nbsp;&nbsp;<\/p>\n\n\n\n<p>pra viver em paz.<\/p>\n\n\n\n<p>Me querendo vou pela n\u00e3o sabe<\/p>\n\n\n\n<p>numa noite escura me aparecer<\/p>\n\n\n\n<p>pra tentar me fazer esquecer<\/p>\n\n\n\n<p>e se convencer que \u00e9 feliz<\/p>\n\n\n\n<p>s\u00f3 pra eu perceber<\/p>\n\n\n\n<p>Se fingir noite clara<\/p>\n\n\n\n<p>com estrelas luzindo ao redor.<\/p>\n","protected":false},"excerpt":{"rendered":"<p>Mongol &amp; S\u00e9rgio D\u00e2maso Quantas dificuldades vividas n\u00e3o \u00e9 bom nem pensar muito menos lembrar de todas as trai\u00e7\u00f5es. Sei que o vento sopra numa s\u00f3 dire\u00e7\u00e3o rio corre pro mar o sol nasce no leste morre belo e triste no oeste. Mas a lua tamb\u00e9m vai nascer numa noite para me trazer um pouco [&hellip;]<\/p>\n","protected":false},"author":1,"featured_media":0,"parent":0,"menu_order":0,"comment_status":"closed","ping_status":"closed","template":"","meta":[],"_links":{"self":[{"href":"https:\/\/sergiodamaso.com.br\/index.php\/wp-json\/wp\/v2\/pages\/467"}],"collection":[{"href":"https:\/\/sergiodamaso.com.br\/index.php\/wp-json\/wp\/v2\/pages"}],"about":[{"href":"https:\/\/sergiodamaso.com.br\/index.php\/wp-json\/wp\/v2\/types\/page"}],"author":[{"embeddable":true,"href":"https:\/\/sergiodamaso.com.br\/index.php\/wp-json\/wp\/v2\/users\/1"}],"replies":[{"embeddable":true,"href":"https:\/\/sergiodamaso.com.br\/index.php\/wp-json\/wp\/v2\/comments?post=467"}],"version-history":[{"count":2,"href":"https:\/\/sergiodamaso.com.br\/index.php\/wp-json\/wp\/v2\/pages\/467\/revisions"}],"predecessor-version":[{"id":949,"href":"https:\/\/sergiodamaso.com.br\/index.php\/wp-json\/wp\/v2\/pages\/467\/revisions\/949"}],"wp:attachment":[{"href":"https:\/\/sergiodamaso.com.br\/index.php\/wp-json\/wp\/v2\/media?parent=467"}],"curies":[{"name":"wp","href":"https:\/\/api.w.org\/{rel}","templated":true}]}}