{"id":461,"date":"2024-02-29T00:16:12","date_gmt":"2024-02-29T03:16:12","guid":{"rendered":"https:\/\/sergiodamaso.com.br\/?page_id=461"},"modified":"2024-03-17T00:30:15","modified_gmt":"2024-03-17T03:30:15","slug":"nina","status":"publish","type":"page","link":"https:\/\/sergiodamaso.com.br\/index.php\/nina\/","title":{"rendered":"NINA"},"content":{"rendered":"\n<figure class=\"wp-block-audio\"><audio controls src=\"https:\/\/sergiodamaso.com.br\/wp-content\/uploads\/2024\/02\/Nina.mp3\"><\/audio><\/figure>\n\n\n\n<p><strong><em>Mongol &amp; S\u00e9rgio D\u00e2maso<\/em><\/strong><\/p>\n\n\n\n<p>Nina que lindas recorda\u00e7\u00f5es<\/p>\n\n\n\n<p>fotos copos e desenhos<\/p>\n\n\n\n<p>em cartolinas coladas<\/p>\n\n\n\n<p>na parede em festa.<\/p>\n\n\n\n<p>Sorrisos e abra\u00e7os apertados<\/p>\n\n\n\n<p>\u00e0 tarde em sua casa<\/p>\n\n\n\n<p>enfeitada com felicidade<\/p>\n\n\n\n<p>entre parentes e amigos.<\/p>\n\n\n\n<p>Foram bons aqueles momentos<\/p>\n\n\n\n<p>poder\u00e3o at\u00e9 voltar<\/p>\n\n\n\n<p>num passado ou num futuro<\/p>\n\n\n\n<p>que presente em voc\u00ea estar\u00e3o.<\/p>\n\n\n\n<p>Tudo pode acontecer<\/p>\n\n\n\n<p>at\u00e9 me ver novamente<\/p>\n\n\n\n<p>num dia de festa<\/p>\n\n\n\n<p>num dia de festa<\/p>\n\n\n\n<p>aqui ou l\u00e1.<\/p>\n","protected":false},"excerpt":{"rendered":"<p>Mongol &amp; S\u00e9rgio D\u00e2maso Nina que lindas recorda\u00e7\u00f5es fotos copos e desenhos em cartolinas coladas na parede em festa. Sorrisos e abra\u00e7os apertados \u00e0 tarde em sua casa enfeitada com felicidade entre parentes e amigos. Foram bons aqueles momentos poder\u00e3o at\u00e9 voltar num passado ou num futuro que presente em voc\u00ea estar\u00e3o. Tudo pode acontecer [&hellip;]<\/p>\n","protected":false},"author":1,"featured_media":0,"parent":0,"menu_order":0,"comment_status":"closed","ping_status":"closed","template":"","meta":[],"_links":{"self":[{"href":"https:\/\/sergiodamaso.com.br\/index.php\/wp-json\/wp\/v2\/pages\/461"}],"collection":[{"href":"https:\/\/sergiodamaso.com.br\/index.php\/wp-json\/wp\/v2\/pages"}],"about":[{"href":"https:\/\/sergiodamaso.com.br\/index.php\/wp-json\/wp\/v2\/types\/page"}],"author":[{"embeddable":true,"href":"https:\/\/sergiodamaso.com.br\/index.php\/wp-json\/wp\/v2\/users\/1"}],"replies":[{"embeddable":true,"href":"https:\/\/sergiodamaso.com.br\/index.php\/wp-json\/wp\/v2\/comments?post=461"}],"version-history":[{"count":2,"href":"https:\/\/sergiodamaso.com.br\/index.php\/wp-json\/wp\/v2\/pages\/461\/revisions"}],"predecessor-version":[{"id":947,"href":"https:\/\/sergiodamaso.com.br\/index.php\/wp-json\/wp\/v2\/pages\/461\/revisions\/947"}],"wp:attachment":[{"href":"https:\/\/sergiodamaso.com.br\/index.php\/wp-json\/wp\/v2\/media?parent=461"}],"curies":[{"name":"wp","href":"https:\/\/api.w.org\/{rel}","templated":true}]}}