{"id":449,"date":"2024-02-29T00:06:26","date_gmt":"2024-02-29T03:06:26","guid":{"rendered":"https:\/\/sergiodamaso.com.br\/?page_id=449"},"modified":"2024-03-17T00:27:14","modified_gmt":"2024-03-17T03:27:14","slug":"mudo-no-meu-mundo","status":"publish","type":"page","link":"https:\/\/sergiodamaso.com.br\/index.php\/mudo-no-meu-mundo\/","title":{"rendered":"MUDO NO MEU MUNDO"},"content":{"rendered":"\n<figure class=\"wp-block-audio\"><audio controls src=\"https:\/\/sergiodamaso.com.br\/wp-content\/uploads\/2024\/02\/Mudo-no-meu-mundo.mp3\"><\/audio><\/figure>\n\n\n\n<p><strong><em>Mongol &amp; S\u00e9rgio D\u00e2maso<\/em><\/strong><\/p>\n\n\n\n<p>Faz tempo que voc\u00ea se foi<\/p>\n\n\n\n<p>mas eu quero te contar<\/p>\n\n\n\n<p>vou abrir minha paix\u00e3o<\/p>\n\n\n\n<p>e esquecer voc\u00ea eu vou.<\/p>\n\n\n\n<p>S\u00f3 eu sei da dor<\/p>\n\n\n\n<p>porque passou meu cora\u00e7\u00e3o<\/p>\n\n\n\n<p>s\u00f3 eu sei como deixar<\/p>\n\n\n\n<p>um amor assim eu sei.<\/p>\n\n\n\n<p>Mas se depois de tudo ent\u00e3o<\/p>\n\n\n\n<p>n\u00e3o aparecer ningu\u00e9m<\/p>\n\n\n\n<p>levarei meu cora\u00e7\u00e3o sem ter voc\u00ea<\/p>\n\n\n\n<p>vou ignorar a minha solid\u00e3o.<\/p>\n\n\n\n<p>Porque j\u00e1 n\u00e3o tenho lagrimas<\/p>\n\n\n\n<p>desde quando voc\u00ea me deixou<\/p>\n\n\n\n<p>mudo no meu mundo mudo.<\/p>\n","protected":false},"excerpt":{"rendered":"<p>Mongol &amp; S\u00e9rgio D\u00e2maso Faz tempo que voc\u00ea se foi mas eu quero te contar vou abrir minha paix\u00e3o e esquecer voc\u00ea eu vou. S\u00f3 eu sei da dor porque passou meu cora\u00e7\u00e3o s\u00f3 eu sei como deixar um amor assim eu sei. Mas se depois de tudo ent\u00e3o n\u00e3o aparecer ningu\u00e9m levarei meu cora\u00e7\u00e3o [&hellip;]<\/p>\n","protected":false},"author":1,"featured_media":0,"parent":0,"menu_order":0,"comment_status":"closed","ping_status":"closed","template":"","meta":[],"_links":{"self":[{"href":"https:\/\/sergiodamaso.com.br\/index.php\/wp-json\/wp\/v2\/pages\/449"}],"collection":[{"href":"https:\/\/sergiodamaso.com.br\/index.php\/wp-json\/wp\/v2\/pages"}],"about":[{"href":"https:\/\/sergiodamaso.com.br\/index.php\/wp-json\/wp\/v2\/types\/page"}],"author":[{"embeddable":true,"href":"https:\/\/sergiodamaso.com.br\/index.php\/wp-json\/wp\/v2\/users\/1"}],"replies":[{"embeddable":true,"href":"https:\/\/sergiodamaso.com.br\/index.php\/wp-json\/wp\/v2\/comments?post=449"}],"version-history":[{"count":2,"href":"https:\/\/sergiodamaso.com.br\/index.php\/wp-json\/wp\/v2\/pages\/449\/revisions"}],"predecessor-version":[{"id":944,"href":"https:\/\/sergiodamaso.com.br\/index.php\/wp-json\/wp\/v2\/pages\/449\/revisions\/944"}],"wp:attachment":[{"href":"https:\/\/sergiodamaso.com.br\/index.php\/wp-json\/wp\/v2\/media?parent=449"}],"curies":[{"name":"wp","href":"https:\/\/api.w.org\/{rel}","templated":true}]}}