{"id":446,"date":"2024-02-29T00:04:18","date_gmt":"2024-02-29T03:04:18","guid":{"rendered":"https:\/\/sergiodamaso.com.br\/?page_id=446"},"modified":"2024-03-17T00:26:45","modified_gmt":"2024-03-17T03:26:45","slug":"misturar","status":"publish","type":"page","link":"https:\/\/sergiodamaso.com.br\/index.php\/misturar\/","title":{"rendered":"MISTURAR"},"content":{"rendered":"\n<figure class=\"wp-block-audio\"><audio controls src=\"https:\/\/sergiodamaso.com.br\/wp-content\/uploads\/2024\/03\/Misturar.mp3\"><\/audio><\/figure>\n\n\n\n<p><strong><em>Mongol &amp; S\u00e9rgio D\u00e2maso<\/em><\/strong><\/p>\n\n\n\n<p>Quanta mistura que nem sei<\/p>\n\n\n\n<p>raz\u00e3o paix\u00e3o e emo\u00e7\u00e3o<\/p>\n\n\n\n<p>pega me pega n\u00e3o larga n\u00e3o<\/p>\n\n\n\n<p>segura segura na minha m\u00e3o.<\/p>\n\n\n\n<p>Que vou misturar voc\u00ea<\/p>\n\n\n\n<p>eu vou misturar<\/p>\n\n\n\n<p>misturar voc\u00ea comigo<\/p>\n\n\n\n<p>que eu quero eu vou misturar<\/p>\n\n\n\n<p>misturar voc\u00ea<\/p>\n\n\n\n<p>eu vou misturar<\/p>\n\n\n\n<p>misturar voc\u00ea comigo.<\/p>\n\n\n\n<p>Seja onde for<\/p>\n\n\n\n<p>aqui ou l\u00e1<\/p>\n\n\n\n<p>eu e voc\u00ea eu vou misturar<\/p>\n\n\n\n<p>como no horizonte<\/p>\n\n\n\n<p>o c\u00e9u e o mar<\/p>\n\n\n\n<p>de tanta paix\u00e3o<\/p>\n\n\n\n<p>e de tanto amar.<\/p>\n\n\n\n<p>Eu vou eu vou<\/p>\n\n\n\n<p>me pega me pega n\u00e3o larga n\u00e3o<\/p>\n\n\n\n<p>eu vou eu vou<\/p>\n\n\n\n<p>segura segura na minha m\u00e3o.<\/p>\n\n\n\n<p>Que eu vou misturar<\/p>\n\n\n\n<p>eu e voc\u00ea meu bem<\/p>\n\n\n\n<p>ningu\u00e9m vai saber dizer quem \u00e9 quem.<\/p>\n","protected":false},"excerpt":{"rendered":"<p>Mongol &amp; S\u00e9rgio D\u00e2maso Quanta mistura que nem sei raz\u00e3o paix\u00e3o e emo\u00e7\u00e3o pega me pega n\u00e3o larga n\u00e3o segura segura na minha m\u00e3o. Que vou misturar voc\u00ea eu vou misturar misturar voc\u00ea comigo que eu quero eu vou misturar misturar voc\u00ea eu vou misturar misturar voc\u00ea comigo. Seja onde for aqui ou l\u00e1 eu [&hellip;]<\/p>\n","protected":false},"author":1,"featured_media":0,"parent":0,"menu_order":0,"comment_status":"closed","ping_status":"closed","template":"","meta":[],"_links":{"self":[{"href":"https:\/\/sergiodamaso.com.br\/index.php\/wp-json\/wp\/v2\/pages\/446"}],"collection":[{"href":"https:\/\/sergiodamaso.com.br\/index.php\/wp-json\/wp\/v2\/pages"}],"about":[{"href":"https:\/\/sergiodamaso.com.br\/index.php\/wp-json\/wp\/v2\/types\/page"}],"author":[{"embeddable":true,"href":"https:\/\/sergiodamaso.com.br\/index.php\/wp-json\/wp\/v2\/users\/1"}],"replies":[{"embeddable":true,"href":"https:\/\/sergiodamaso.com.br\/index.php\/wp-json\/wp\/v2\/comments?post=446"}],"version-history":[{"count":3,"href":"https:\/\/sergiodamaso.com.br\/index.php\/wp-json\/wp\/v2\/pages\/446\/revisions"}],"predecessor-version":[{"id":943,"href":"https:\/\/sergiodamaso.com.br\/index.php\/wp-json\/wp\/v2\/pages\/446\/revisions\/943"}],"wp:attachment":[{"href":"https:\/\/sergiodamaso.com.br\/index.php\/wp-json\/wp\/v2\/media?parent=446"}],"curies":[{"name":"wp","href":"https:\/\/api.w.org\/{rel}","templated":true}]}}