{"id":440,"date":"2024-02-29T00:01:08","date_gmt":"2024-02-29T03:01:08","guid":{"rendered":"https:\/\/sergiodamaso.com.br\/?page_id=440"},"modified":"2024-03-17T00:25:21","modified_gmt":"2024-03-17T03:25:21","slug":"minha-camisa-molhada","status":"publish","type":"page","link":"https:\/\/sergiodamaso.com.br\/index.php\/minha-camisa-molhada\/","title":{"rendered":"MINHA CAMISA MOLHADA"},"content":{"rendered":"\n<figure class=\"wp-block-audio\"><audio controls src=\"https:\/\/sergiodamaso.com.br\/wp-content\/uploads\/2024\/02\/Minha-camisa-molhada.mp3\"><\/audio><\/figure>\n\n\n\n<p><strong><em>Mongol &amp; S\u00e9rgio D\u00e2maso<\/em><\/strong><\/p>\n\n\n\n<p>Minha camisa molhada n\u00e3o cansa<\/p>\n\n\n\n<p>simplesmente n\u00e3o mente s\u00f3 sente<\/p>\n\n\n\n<p>quando corro contra o tempo<\/p>\n\n\n\n<p>pra te reencontrar na esquina<\/p>\n\n\n\n<p>l\u00e1 foi onde tudo come\u00e7ou<\/p>\n\n\n\n<p>l\u00e1 foi onde tudo terminou.<\/p>\n\n\n\n<p>Minha camisa estampada n\u00e3o fala<\/p>\n\n\n\n<p>apenas encosta no meu cora\u00e7\u00e3o<\/p>\n\n\n\n<p>quando corro bate forte<\/p>\n\n\n\n<p>para te lembrar na esquina<\/p>\n\n\n\n<p>l\u00e1 foi onde tudo come\u00e7ou<\/p>\n\n\n\n<p>l\u00e1 foi onde tudo terminou.<\/p>\n\n\n\n<p>Minha camisa amiga s\u00f3 respira<\/p>\n\n\n\n<p>o vapor suado do corpo quente<\/p>\n\n\n\n<p>quando corro pra esquina<\/p>\n\n\n\n<p>para te amar novamente<\/p>\n\n\n\n<p>l\u00e1 foi onde tudo come\u00e7ou<\/p>\n\n\n\n<p>l\u00e1 foi onde tudo terminou.<\/p>\n","protected":false},"excerpt":{"rendered":"<p>Mongol &amp; S\u00e9rgio D\u00e2maso Minha camisa molhada n\u00e3o cansa simplesmente n\u00e3o mente s\u00f3 sente quando corro contra o tempo pra te reencontrar na esquina l\u00e1 foi onde tudo come\u00e7ou l\u00e1 foi onde tudo terminou. Minha camisa estampada n\u00e3o fala apenas encosta no meu cora\u00e7\u00e3o quando corro bate forte para te lembrar na esquina l\u00e1 foi [&hellip;]<\/p>\n","protected":false},"author":1,"featured_media":0,"parent":0,"menu_order":0,"comment_status":"closed","ping_status":"closed","template":"","meta":[],"_links":{"self":[{"href":"https:\/\/sergiodamaso.com.br\/index.php\/wp-json\/wp\/v2\/pages\/440"}],"collection":[{"href":"https:\/\/sergiodamaso.com.br\/index.php\/wp-json\/wp\/v2\/pages"}],"about":[{"href":"https:\/\/sergiodamaso.com.br\/index.php\/wp-json\/wp\/v2\/types\/page"}],"author":[{"embeddable":true,"href":"https:\/\/sergiodamaso.com.br\/index.php\/wp-json\/wp\/v2\/users\/1"}],"replies":[{"embeddable":true,"href":"https:\/\/sergiodamaso.com.br\/index.php\/wp-json\/wp\/v2\/comments?post=440"}],"version-history":[{"count":2,"href":"https:\/\/sergiodamaso.com.br\/index.php\/wp-json\/wp\/v2\/pages\/440\/revisions"}],"predecessor-version":[{"id":941,"href":"https:\/\/sergiodamaso.com.br\/index.php\/wp-json\/wp\/v2\/pages\/440\/revisions\/941"}],"wp:attachment":[{"href":"https:\/\/sergiodamaso.com.br\/index.php\/wp-json\/wp\/v2\/media?parent=440"}],"curies":[{"name":"wp","href":"https:\/\/api.w.org\/{rel}","templated":true}]}}