{"id":434,"date":"2024-02-28T23:58:20","date_gmt":"2024-02-29T02:58:20","guid":{"rendered":"https:\/\/sergiodamaso.com.br\/?page_id=434"},"modified":"2024-03-17T00:23:44","modified_gmt":"2024-03-17T03:23:44","slug":"meu-sonho-de-ontem","status":"publish","type":"page","link":"https:\/\/sergiodamaso.com.br\/index.php\/meu-sonho-de-ontem\/","title":{"rendered":"MEU SONHO DE ONTEM"},"content":{"rendered":"\n<figure class=\"wp-block-audio\"><audio controls src=\"https:\/\/sergiodamaso.com.br\/wp-content\/uploads\/2024\/02\/Meu-sonho-de-ontem-.mp3\"><\/audio><\/figure>\n\n\n\n<p><strong><em>Mongol &amp; S\u00e9rgio D\u00e2maso<\/em><\/strong><\/p>\n\n\n\n<p>Ontem sonhei que estava caminhando por uma estrada<\/p>\n\n\n\n<p>e ela era t\u00e3o bonita que parecia n\u00e3o ter fim<\/p>\n\n\n\n<p>mas os raios do sol iluminaram meu caminho.<\/p>\n\n\n\n<p>A\u00ed vi flores coloridas e as borboletas no jardim<\/p>\n\n\n\n<p>vi os p\u00e1ssaros cantando vi um brilho no horizonte.<\/p>\n\n\n\n<p>A\u00ed senti meus p\u00e9s no ch\u00e3o<\/p>\n\n\n\n<p>senti uma energia uma esperan\u00e7a<\/p>\n\n\n\n<p>senti frio e um calor no cora\u00e7\u00e3o.<\/p>\n\n\n\n<p>Esse sonho s\u00f3 quis saber<\/p>\n\n\n\n<p>se voc\u00ea ainda existe pra mim<\/p>\n\n\n\n<p>como eu ainda existo pra voc\u00ea.<\/p>\n","protected":false},"excerpt":{"rendered":"<p>Mongol &amp; S\u00e9rgio D\u00e2maso Ontem sonhei que estava caminhando por uma estrada e ela era t\u00e3o bonita que parecia n\u00e3o ter fim mas os raios do sol iluminaram meu caminho. A\u00ed vi flores coloridas e as borboletas no jardim vi os p\u00e1ssaros cantando vi um brilho no horizonte. A\u00ed senti meus p\u00e9s no ch\u00e3o senti [&hellip;]<\/p>\n","protected":false},"author":1,"featured_media":0,"parent":0,"menu_order":0,"comment_status":"closed","ping_status":"closed","template":"","meta":[],"_links":{"self":[{"href":"https:\/\/sergiodamaso.com.br\/index.php\/wp-json\/wp\/v2\/pages\/434"}],"collection":[{"href":"https:\/\/sergiodamaso.com.br\/index.php\/wp-json\/wp\/v2\/pages"}],"about":[{"href":"https:\/\/sergiodamaso.com.br\/index.php\/wp-json\/wp\/v2\/types\/page"}],"author":[{"embeddable":true,"href":"https:\/\/sergiodamaso.com.br\/index.php\/wp-json\/wp\/v2\/users\/1"}],"replies":[{"embeddable":true,"href":"https:\/\/sergiodamaso.com.br\/index.php\/wp-json\/wp\/v2\/comments?post=434"}],"version-history":[{"count":2,"href":"https:\/\/sergiodamaso.com.br\/index.php\/wp-json\/wp\/v2\/pages\/434\/revisions"}],"predecessor-version":[{"id":939,"href":"https:\/\/sergiodamaso.com.br\/index.php\/wp-json\/wp\/v2\/pages\/434\/revisions\/939"}],"wp:attachment":[{"href":"https:\/\/sergiodamaso.com.br\/index.php\/wp-json\/wp\/v2\/media?parent=434"}],"curies":[{"name":"wp","href":"https:\/\/api.w.org\/{rel}","templated":true}]}}