{"id":400,"date":"2024-02-28T23:39:01","date_gmt":"2024-02-29T02:39:01","guid":{"rendered":"https:\/\/sergiodamaso.com.br\/?page_id=400"},"modified":"2024-03-16T22:31:00","modified_gmt":"2024-03-17T01:31:00","slug":"labios","status":"publish","type":"page","link":"https:\/\/sergiodamaso.com.br\/index.php\/labios\/","title":{"rendered":"L\u00c1BIOS"},"content":{"rendered":"\n<figure class=\"wp-block-audio\"><audio controls src=\"https:\/\/sergiodamaso.com.br\/wp-content\/uploads\/2024\/02\/Labios.mp3\"><\/audio><\/figure>\n\n\n\n<p><strong>Mongol &amp; S\u00e9rgio D\u00e2maso<\/strong><\/p>\n\n\n\n<p>Ser\u00e1 que irei te perder<\/p>\n\n\n\n<p>e nunca mais sentir<\/p>\n\n\n\n<p>tua boca molhada suada<\/p>\n\n\n\n<p>e teus l\u00e1bios carnudos nus.<\/p>\n\n\n\n<p>Se for verdade irei repensar<\/p>\n\n\n\n<p>teu \u00faltimo segredo<\/p>\n\n\n\n<p>teu \u00faltimo peda\u00e7o&nbsp;<\/p>\n\n\n\n<p>dentro do meu cora\u00e7\u00e3o.<\/p>\n\n\n\n<p>Se foi mentira nem sei<\/p>\n\n\n\n<p>o que meus olhos diriam<\/p>\n\n\n\n<p>quando te fitei querendo<\/p>\n\n\n\n<p>voc\u00ea coladinha em mim.<\/p>\n\n\n\n<p>Como eu quero como eu desejo<\/p>\n\n\n\n<p>beijar os teus l\u00e1bios de gueixa<\/p>\n\n\n\n<p>como eu sonhei como eu pensei<\/p>\n\n\n\n<p>voc\u00ea do princ\u00edpio ao fim.<\/p>\n","protected":false},"excerpt":{"rendered":"<p>Mongol &amp; S\u00e9rgio D\u00e2maso Ser\u00e1 que irei te perder e nunca mais sentir tua boca molhada suada e teus l\u00e1bios carnudos nus. Se for verdade irei repensar teu \u00faltimo segredo teu \u00faltimo peda\u00e7o&nbsp; dentro do meu cora\u00e7\u00e3o. Se foi mentira nem sei o que meus olhos diriam quando te fitei querendo voc\u00ea coladinha em mim. [&hellip;]<\/p>\n","protected":false},"author":1,"featured_media":0,"parent":0,"menu_order":0,"comment_status":"closed","ping_status":"closed","template":"","meta":[],"_links":{"self":[{"href":"https:\/\/sergiodamaso.com.br\/index.php\/wp-json\/wp\/v2\/pages\/400"}],"collection":[{"href":"https:\/\/sergiodamaso.com.br\/index.php\/wp-json\/wp\/v2\/pages"}],"about":[{"href":"https:\/\/sergiodamaso.com.br\/index.php\/wp-json\/wp\/v2\/types\/page"}],"author":[{"embeddable":true,"href":"https:\/\/sergiodamaso.com.br\/index.php\/wp-json\/wp\/v2\/users\/1"}],"replies":[{"embeddable":true,"href":"https:\/\/sergiodamaso.com.br\/index.php\/wp-json\/wp\/v2\/comments?post=400"}],"version-history":[{"count":2,"href":"https:\/\/sergiodamaso.com.br\/index.php\/wp-json\/wp\/v2\/pages\/400\/revisions"}],"predecessor-version":[{"id":925,"href":"https:\/\/sergiodamaso.com.br\/index.php\/wp-json\/wp\/v2\/pages\/400\/revisions\/925"}],"wp:attachment":[{"href":"https:\/\/sergiodamaso.com.br\/index.php\/wp-json\/wp\/v2\/media?parent=400"}],"curies":[{"name":"wp","href":"https:\/\/api.w.org\/{rel}","templated":true}]}}