{"id":391,"date":"2024-02-28T23:34:37","date_gmt":"2024-02-29T02:34:37","guid":{"rendered":"https:\/\/sergiodamaso.com.br\/?page_id=391"},"modified":"2024-03-16T22:26:15","modified_gmt":"2024-03-17T01:26:15","slug":"impressao","status":"publish","type":"page","link":"https:\/\/sergiodamaso.com.br\/index.php\/impressao\/","title":{"rendered":"IMPRESS\u00c3O"},"content":{"rendered":"\n<figure class=\"wp-block-audio\"><audio controls src=\"https:\/\/sergiodamaso.com.br\/wp-content\/uploads\/2024\/02\/Impressao.mp3\"><\/audio><\/figure>\n\n\n\n<p><strong><em>Mongol &amp; S\u00e9rgio D\u00e2maso<\/em><\/strong><\/p>\n\n\n\n<p>Tenho sentido que voc\u00ea est\u00e1 t\u00e3o fria<\/p>\n\n\n\n<p>diferente dos m\u00fasculos do meu cora\u00e7\u00e3o queimando<\/p>\n\n\n\n<p>exalando pela minha pele meu suor ardente<\/p>\n\n\n\n<p>fervendo as minhas l\u00e1grimas brotadas por voc\u00ea.<\/p>\n\n\n\n<p>Mas se voc\u00ea me perguntar que fogo \u00e9 esse<\/p>\n\n\n\n<p>que n\u00e3o apaga em meu corpo<\/p>\n\n\n\n<p>vou dizer que sou um mo\u00e7o<\/p>\n\n\n\n<p>e que voc\u00ea n\u00e3o sente mais meu cora\u00e7\u00e3o.<\/p>\n\n\n\n<p>Como quando tirei sua roupa<\/p>\n\n\n\n<p>N\u00f3s jovens adolescentes<\/p>\n\n\n\n<p>corpo a corpo inocentes<\/p>\n\n\n\n<p>a descobrir o que \u00e9 amar.<\/p>\n\n\n\n<p>Vou voltar nesse tempo, era t\u00e3o bom<\/p>\n\n\n\n<p>no presente as pessoas s\u00e3o tristes t\u00e3o diferentes arriscar a ser feliz e viver as emo\u00e7\u00f5es<\/p>\n","protected":false},"excerpt":{"rendered":"<p>Mongol &amp; S\u00e9rgio D\u00e2maso Tenho sentido que voc\u00ea est\u00e1 t\u00e3o fria diferente dos m\u00fasculos do meu cora\u00e7\u00e3o queimando exalando pela minha pele meu suor ardente fervendo as minhas l\u00e1grimas brotadas por voc\u00ea. Mas se voc\u00ea me perguntar que fogo \u00e9 esse que n\u00e3o apaga em meu corpo vou dizer que sou um mo\u00e7o e que [&hellip;]<\/p>\n","protected":false},"author":1,"featured_media":0,"parent":0,"menu_order":0,"comment_status":"closed","ping_status":"closed","template":"","meta":[],"_links":{"self":[{"href":"https:\/\/sergiodamaso.com.br\/index.php\/wp-json\/wp\/v2\/pages\/391"}],"collection":[{"href":"https:\/\/sergiodamaso.com.br\/index.php\/wp-json\/wp\/v2\/pages"}],"about":[{"href":"https:\/\/sergiodamaso.com.br\/index.php\/wp-json\/wp\/v2\/types\/page"}],"author":[{"embeddable":true,"href":"https:\/\/sergiodamaso.com.br\/index.php\/wp-json\/wp\/v2\/users\/1"}],"replies":[{"embeddable":true,"href":"https:\/\/sergiodamaso.com.br\/index.php\/wp-json\/wp\/v2\/comments?post=391"}],"version-history":[{"count":2,"href":"https:\/\/sergiodamaso.com.br\/index.php\/wp-json\/wp\/v2\/pages\/391\/revisions"}],"predecessor-version":[{"id":922,"href":"https:\/\/sergiodamaso.com.br\/index.php\/wp-json\/wp\/v2\/pages\/391\/revisions\/922"}],"wp:attachment":[{"href":"https:\/\/sergiodamaso.com.br\/index.php\/wp-json\/wp\/v2\/media?parent=391"}],"curies":[{"name":"wp","href":"https:\/\/api.w.org\/{rel}","templated":true}]}}