{"id":381,"date":"2024-02-28T23:29:22","date_gmt":"2024-02-29T02:29:22","guid":{"rendered":"https:\/\/sergiodamaso.com.br\/?page_id=381"},"modified":"2024-03-16T22:10:33","modified_gmt":"2024-03-17T01:10:33","slug":"falem-dele-o-que-quiser","status":"publish","type":"page","link":"https:\/\/sergiodamaso.com.br\/index.php\/falem-dele-o-que-quiser\/","title":{"rendered":"FALEM DELE O QUE QUISER"},"content":{"rendered":"\n<figure class=\"wp-block-audio\"><audio controls src=\"https:\/\/sergiodamaso.com.br\/wp-content\/uploads\/2024\/02\/Falem-dele-o-que-quiser.mp3\"><\/audio><\/figure>\n\n\n\n<p><strong><em>Mongol &amp; S\u00e9rgio D\u00e2maso<\/em><\/strong><\/p>\n\n\n\n<p>Falem dele o que quiser<\/p>\n\n\n\n<p>esse ano o meu cora\u00e7\u00e3o vai dar o que falar<\/p>\n\n\n\n<p>vai arrebentar estourar enlouquecer<\/p>\n\n\n\n<p>mexer e remexer por ela<\/p>\n\n\n\n<p>de prazer e de paix\u00e3o<\/p>\n\n\n\n<p>numa manh\u00e3 ou numa tarde ou numa noite<\/p>\n\n\n\n<p>em qualquer ocasi\u00e3o.<\/p>\n\n\n\n<p>Achem dele o que quiser<\/p>\n\n\n\n<p>que n\u00e3o ama, que n\u00e3o quer e n\u00e3o deseja<\/p>\n\n\n\n<p>que bobagem que bobagem<\/p>\n\n\n\n<p>voc\u00eas n\u00e3o sabem nada<\/p>\n\n\n\n<p>porque meu cora\u00e7\u00e3o \u00e9 dela \u00e9 s\u00f3 dela o meu cora\u00e7\u00e3o<\/p>\n\n\n\n<p>numa manh\u00e3 ou numa tarde ou numa noite<\/p>\n\n\n\n<p>em qualquer ocasi\u00e3o.<\/p>\n\n\n\n<p>Ela ela \u00e9 minha gatinha meu cora\u00e7\u00e3o \u00e9 dela<\/p>\n\n\n\n<p>ela ela \u00e9 minha mina meu cora\u00e7\u00e3o \u00e9 dela<\/p>\n\n\n\n<p>ela ela \u00e9 meu pitelzinho meu cora\u00e7\u00e3o \u00e9 dela<\/p>\n\n\n\n<p>ela \u00e9 s\u00f3 minha s\u00f3 minha ela \u00e9<\/p>\n\n\n\n<p>meu cora\u00e7\u00e3o \u00e9 dela.<\/p>\n\n\n\n<p>E de mais ningu\u00e9m mais ningu\u00e9m<\/p>\n\n\n\n<p>Nem vem que n\u00e3o tem pra ningu\u00e9m mais ningu\u00e9m<\/p>\n\n\n\n<p>meu cora\u00e7\u00e3o \u00e9 dela e de mais ningu\u00e9m.<\/p>\n","protected":false},"excerpt":{"rendered":"<p>Mongol &amp; S\u00e9rgio D\u00e2maso Falem dele o que quiser esse ano o meu cora\u00e7\u00e3o vai dar o que falar vai arrebentar estourar enlouquecer mexer e remexer por ela de prazer e de paix\u00e3o numa manh\u00e3 ou numa tarde ou numa noite em qualquer ocasi\u00e3o. Achem dele o que quiser que n\u00e3o ama, que n\u00e3o quer [&hellip;]<\/p>\n","protected":false},"author":1,"featured_media":0,"parent":0,"menu_order":0,"comment_status":"closed","ping_status":"closed","template":"","meta":[],"_links":{"self":[{"href":"https:\/\/sergiodamaso.com.br\/index.php\/wp-json\/wp\/v2\/pages\/381"}],"collection":[{"href":"https:\/\/sergiodamaso.com.br\/index.php\/wp-json\/wp\/v2\/pages"}],"about":[{"href":"https:\/\/sergiodamaso.com.br\/index.php\/wp-json\/wp\/v2\/types\/page"}],"author":[{"embeddable":true,"href":"https:\/\/sergiodamaso.com.br\/index.php\/wp-json\/wp\/v2\/users\/1"}],"replies":[{"embeddable":true,"href":"https:\/\/sergiodamaso.com.br\/index.php\/wp-json\/wp\/v2\/comments?post=381"}],"version-history":[{"count":2,"href":"https:\/\/sergiodamaso.com.br\/index.php\/wp-json\/wp\/v2\/pages\/381\/revisions"}],"predecessor-version":[{"id":916,"href":"https:\/\/sergiodamaso.com.br\/index.php\/wp-json\/wp\/v2\/pages\/381\/revisions\/916"}],"wp:attachment":[{"href":"https:\/\/sergiodamaso.com.br\/index.php\/wp-json\/wp\/v2\/media?parent=381"}],"curies":[{"name":"wp","href":"https:\/\/api.w.org\/{rel}","templated":true}]}}