{"id":359,"date":"2024-02-28T23:10:16","date_gmt":"2024-02-29T02:10:16","guid":{"rendered":"https:\/\/sergiodamaso.com.br\/?page_id=359"},"modified":"2024-03-16T21:52:43","modified_gmt":"2024-03-17T00:52:43","slug":"era-tudo-verdade","status":"publish","type":"page","link":"https:\/\/sergiodamaso.com.br\/index.php\/era-tudo-verdade\/","title":{"rendered":"ERA TUDO VERDADE"},"content":{"rendered":"\n<figure class=\"wp-block-audio\"><audio controls src=\"https:\/\/sergiodamaso.com.br\/wp-content\/uploads\/2024\/02\/Era-tudo-verdade.mp3\"><\/audio><\/figure>\n\n\n\n<p><strong><em>Mongol &amp; S\u00e9rgio D\u00e2maso<\/em><\/strong><\/p>\n\n\n\n<p>Era tudo verdade agora sei<\/p>\n\n\n\n<p>quando mentiu e nem chorou<\/p>\n\n\n\n<p>sua express\u00e3o n\u00e3o mudou<\/p>\n\n\n\n<p>nem amarela ficou.<\/p>\n\n\n\n<p>Voc\u00ea bagun\u00e7ou meu cora\u00e7\u00e3o<\/p>\n\n\n\n<p>tonteou minha paix\u00e3o<\/p>\n\n\n\n<p>trouxe de volta uma dor<\/p>\n\n\n\n<p>como h\u00e1 muito eu n\u00e3o sentia.<\/p>\n\n\n\n<p>Voc\u00ea arrebentou comigo<\/p>\n\n\n\n<p>quebrou me machucou<\/p>\n\n\n\n<p>fez-me sentir assim<\/p>\n\n\n\n<p>como cacos pelo ch\u00e3o.<\/p>\n\n\n\n<p>Mas o tempo est\u00e1 sempre mudando<\/p>\n\n\n\n<p>e cada nova esta\u00e7\u00e3o<\/p>\n\n\n\n<p>uma nova vida surge<\/p>\n\n\n\n<p>e um novo amor poder\u00e1 acontecer.<\/p>\n","protected":false},"excerpt":{"rendered":"<p>Mongol &amp; S\u00e9rgio D\u00e2maso Era tudo verdade agora sei quando mentiu e nem chorou sua express\u00e3o n\u00e3o mudou nem amarela ficou. Voc\u00ea bagun\u00e7ou meu cora\u00e7\u00e3o tonteou minha paix\u00e3o trouxe de volta uma dor como h\u00e1 muito eu n\u00e3o sentia. Voc\u00ea arrebentou comigo quebrou me machucou fez-me sentir assim como cacos pelo ch\u00e3o. Mas o tempo [&hellip;]<\/p>\n","protected":false},"author":1,"featured_media":0,"parent":0,"menu_order":0,"comment_status":"closed","ping_status":"closed","template":"","meta":[],"_links":{"self":[{"href":"https:\/\/sergiodamaso.com.br\/index.php\/wp-json\/wp\/v2\/pages\/359"}],"collection":[{"href":"https:\/\/sergiodamaso.com.br\/index.php\/wp-json\/wp\/v2\/pages"}],"about":[{"href":"https:\/\/sergiodamaso.com.br\/index.php\/wp-json\/wp\/v2\/types\/page"}],"author":[{"embeddable":true,"href":"https:\/\/sergiodamaso.com.br\/index.php\/wp-json\/wp\/v2\/users\/1"}],"replies":[{"embeddable":true,"href":"https:\/\/sergiodamaso.com.br\/index.php\/wp-json\/wp\/v2\/comments?post=359"}],"version-history":[{"count":2,"href":"https:\/\/sergiodamaso.com.br\/index.php\/wp-json\/wp\/v2\/pages\/359\/revisions"}],"predecessor-version":[{"id":909,"href":"https:\/\/sergiodamaso.com.br\/index.php\/wp-json\/wp\/v2\/pages\/359\/revisions\/909"}],"wp:attachment":[{"href":"https:\/\/sergiodamaso.com.br\/index.php\/wp-json\/wp\/v2\/media?parent=359"}],"curies":[{"name":"wp","href":"https:\/\/api.w.org\/{rel}","templated":true}]}}