{"id":318,"date":"2024-02-25T14:36:20","date_gmt":"2024-02-25T17:36:20","guid":{"rendered":"https:\/\/sergiodamaso.com.br\/?page_id=318"},"modified":"2024-03-16T21:39:12","modified_gmt":"2024-03-17T00:39:12","slug":"cruz-credo","status":"publish","type":"page","link":"https:\/\/sergiodamaso.com.br\/index.php\/cruz-credo\/","title":{"rendered":"CRUZ CREDO"},"content":{"rendered":"\n<figure class=\"wp-block-audio\"><audio controls src=\"https:\/\/sergiodamaso.com.br\/wp-content\/uploads\/2024\/02\/Cruz-credo.mp3\"><\/audio><\/figure>\n\n\n\n<p><strong><em>Mongol &amp; S\u00e9rgio D\u00e2maso<\/em><\/strong><\/p>\n\n\n\n<p>Cruz credo<\/p>\n\n\n\n<p>Deus me livre dessa mulher<\/p>\n\n\n\n<p>ela s\u00f3 pega no meu p\u00e9<\/p>\n\n\n\n<p>nunca na minha m\u00e3o.<\/p>\n\n\n\n<p>Tr\u00eas horas da madrugada<\/p>\n\n\n\n<p>a hora que ela me liga&nbsp;&nbsp;&nbsp;&nbsp;&nbsp;&nbsp;&nbsp;&nbsp;&nbsp;&nbsp;&nbsp;&nbsp;&nbsp;&nbsp;&nbsp;&nbsp;&nbsp;&nbsp;&nbsp;&nbsp;&nbsp;&nbsp;&nbsp;&nbsp;&nbsp;&nbsp;&nbsp;&nbsp;&nbsp;&nbsp;&nbsp;&nbsp;&nbsp;&nbsp;&nbsp;<\/p>\n\n\n\n<p>todos os dias a fio<\/p>\n\n\n\n<p>pra chorar querendo voltar.<\/p>\n\n\n\n<p>Eu sempre digo<\/p>\n\n\n\n<p>voltar pra que se voc\u00ea<\/p>\n\n\n\n<p>se voc\u00ea s\u00f3 me aparece assim<\/p>\n\n\n\n<p>me acordando pelo celular.<\/p>\n\n\n\n<p>Quero uma mulher<\/p>\n\n\n\n<p>que passe a noite comigo<\/p>\n\n\n\n<p>para acordarmos de manh\u00e3<\/p>\n\n\n\n<p>depois de fazermos amor na noite<\/p>\n\n\n\n<p>com o celular desligado<\/p>\n\n\n\n<p>vou levar na cama seu caf\u00e9.<\/p>\n","protected":false},"excerpt":{"rendered":"<p>Mongol &amp; S\u00e9rgio D\u00e2maso Cruz credo Deus me livre dessa mulher ela s\u00f3 pega no meu p\u00e9 nunca na minha m\u00e3o. Tr\u00eas horas da madrugada a hora que ela me liga&nbsp;&nbsp;&nbsp;&nbsp;&nbsp;&nbsp;&nbsp;&nbsp;&nbsp;&nbsp;&nbsp;&nbsp;&nbsp;&nbsp;&nbsp;&nbsp;&nbsp;&nbsp;&nbsp;&nbsp;&nbsp;&nbsp;&nbsp;&nbsp;&nbsp;&nbsp;&nbsp;&nbsp;&nbsp;&nbsp;&nbsp;&nbsp;&nbsp;&nbsp;&nbsp; todos os dias a fio pra chorar querendo voltar. Eu sempre digo voltar pra que se voc\u00ea se voc\u00ea s\u00f3 me aparece assim me [&hellip;]<\/p>\n","protected":false},"author":1,"featured_media":0,"parent":0,"menu_order":0,"comment_status":"closed","ping_status":"closed","template":"","meta":[],"_links":{"self":[{"href":"https:\/\/sergiodamaso.com.br\/index.php\/wp-json\/wp\/v2\/pages\/318"}],"collection":[{"href":"https:\/\/sergiodamaso.com.br\/index.php\/wp-json\/wp\/v2\/pages"}],"about":[{"href":"https:\/\/sergiodamaso.com.br\/index.php\/wp-json\/wp\/v2\/types\/page"}],"author":[{"embeddable":true,"href":"https:\/\/sergiodamaso.com.br\/index.php\/wp-json\/wp\/v2\/users\/1"}],"replies":[{"embeddable":true,"href":"https:\/\/sergiodamaso.com.br\/index.php\/wp-json\/wp\/v2\/comments?post=318"}],"version-history":[{"count":2,"href":"https:\/\/sergiodamaso.com.br\/index.php\/wp-json\/wp\/v2\/pages\/318\/revisions"}],"predecessor-version":[{"id":901,"href":"https:\/\/sergiodamaso.com.br\/index.php\/wp-json\/wp\/v2\/pages\/318\/revisions\/901"}],"wp:attachment":[{"href":"https:\/\/sergiodamaso.com.br\/index.php\/wp-json\/wp\/v2\/media?parent=318"}],"curies":[{"name":"wp","href":"https:\/\/api.w.org\/{rel}","templated":true}]}}