{"id":305,"date":"2024-02-25T14:30:21","date_gmt":"2024-02-25T17:30:21","guid":{"rendered":"https:\/\/sergiodamaso.com.br\/?page_id=305"},"modified":"2024-03-16T21:18:52","modified_gmt":"2024-03-17T00:18:52","slug":"como-voce-me-balanca","status":"publish","type":"page","link":"https:\/\/sergiodamaso.com.br\/index.php\/como-voce-me-balanca\/","title":{"rendered":"COMO VOC\u00ca ME BALAN\u00c7A"},"content":{"rendered":"\n<figure class=\"wp-block-audio\"><audio controls src=\"https:\/\/sergiodamaso.com.br\/wp-content\/uploads\/2024\/02\/Como-voce-me-balanca.mp3\"><\/audio><\/figure>\n\n\n\n<p><strong><em>&nbsp;Mongol &amp; S\u00e9rgio D\u00e2maso<\/em><\/strong><\/p>\n\n\n\n<p>Quando beijo teus l\u00e1bios molhados<\/p>\n\n\n\n<p>e me afogo na tua boca<\/p>\n\n\n\n<p>desnudo teus olhos coloridos<\/p>\n\n\n\n<p>viajo nas cores do arco-\u00edris.<\/p>\n\n\n\n<p>Querendo te encontrar no interior<\/p>\n\n\n\n<p>nas noites das estrelas l\u00e1 do c\u00e9u<\/p>\n\n\n\n<p>nos dias das ondas do mar<\/p>\n\n\n\n<p>nas chuvas no branco das nuvens.<\/p>\n\n\n\n<p>Ah! como voc\u00ea me balan\u00e7a<\/p>\n\n\n\n<p>ah! como voc\u00ea me bagun\u00e7a<\/p>\n\n\n\n<p>ah! como voc\u00ea me faz<\/p>\n\n\n\n<p>perder todos os sentidos.<\/p>\n\n\n\n<p>Onde o tempo precisa saber<\/p>\n\n\n\n<p>onde a felicidade mora<\/p>\n\n\n\n<p>onde o tempo precisa ver<\/p>\n\n\n\n<p>o quanto eu te amo.<\/p>\n","protected":false},"excerpt":{"rendered":"<p>&nbsp;Mongol &amp; S\u00e9rgio D\u00e2maso Quando beijo teus l\u00e1bios molhados e me afogo na tua boca desnudo teus olhos coloridos viajo nas cores do arco-\u00edris. Querendo te encontrar no interior nas noites das estrelas l\u00e1 do c\u00e9u nos dias das ondas do mar nas chuvas no branco das nuvens. Ah! como voc\u00ea me balan\u00e7a ah! como [&hellip;]<\/p>\n","protected":false},"author":1,"featured_media":0,"parent":0,"menu_order":0,"comment_status":"closed","ping_status":"closed","template":"","meta":[],"_links":{"self":[{"href":"https:\/\/sergiodamaso.com.br\/index.php\/wp-json\/wp\/v2\/pages\/305"}],"collection":[{"href":"https:\/\/sergiodamaso.com.br\/index.php\/wp-json\/wp\/v2\/pages"}],"about":[{"href":"https:\/\/sergiodamaso.com.br\/index.php\/wp-json\/wp\/v2\/types\/page"}],"author":[{"embeddable":true,"href":"https:\/\/sergiodamaso.com.br\/index.php\/wp-json\/wp\/v2\/users\/1"}],"replies":[{"embeddable":true,"href":"https:\/\/sergiodamaso.com.br\/index.php\/wp-json\/wp\/v2\/comments?post=305"}],"version-history":[{"count":2,"href":"https:\/\/sergiodamaso.com.br\/index.php\/wp-json\/wp\/v2\/pages\/305\/revisions"}],"predecessor-version":[{"id":894,"href":"https:\/\/sergiodamaso.com.br\/index.php\/wp-json\/wp\/v2\/pages\/305\/revisions\/894"}],"wp:attachment":[{"href":"https:\/\/sergiodamaso.com.br\/index.php\/wp-json\/wp\/v2\/media?parent=305"}],"curies":[{"name":"wp","href":"https:\/\/api.w.org\/{rel}","templated":true}]}}