{"id":289,"date":"2024-02-25T14:17:22","date_gmt":"2024-02-25T17:17:22","guid":{"rendered":"https:\/\/sergiodamaso.com.br\/?page_id=289"},"modified":"2024-03-16T21:30:25","modified_gmt":"2024-03-17T00:30:25","slug":"cole-em-mim-sua-cabecinha","status":"publish","type":"page","link":"https:\/\/sergiodamaso.com.br\/index.php\/cole-em-mim-sua-cabecinha\/","title":{"rendered":"COLE EM MIM SUA CABECINHA"},"content":{"rendered":"\n<figure class=\"wp-block-audio\"><audio controls src=\"https:\/\/sergiodamaso.com.br\/wp-content\/uploads\/2024\/02\/Cole-em-mim-sua-cabecinha.mp3\"><\/audio><\/figure>\n\n\n\n<p><strong><em>Mongol &amp; S\u00e9rgio D\u00e2maso<\/em><\/strong><\/p>\n\n\n\n<p>Cole em mim tua cabecinha<\/p>\n\n\n\n<p>esfregue em mim tua boquinha<\/p>\n\n\n\n<p>ro\u00e7a em mim o teu corpinho<\/p>\n\n\n\n<p>pode chorar no meu ombrinho<\/p>\n\n\n\n<p>meu bem.<\/p>\n\n\n\n<p>At\u00e9 lamentar voc\u00ea pode<\/p>\n\n\n\n<p>meu bem, voc\u00ea pode<\/p>\n\n\n\n<p>tamb\u00e9m voc\u00ea pode tamb\u00e9m.<\/p>\n\n\n\n<p>O tempo n\u00e3o vai apagar<\/p>\n\n\n\n<p>nosso amor e carinho<\/p>\n\n\n\n<p>que n\u00e3o foram em v\u00e3o.<\/p>\n\n\n\n<p>Cora\u00e7\u00e3o magoado pode at\u00e9 chorar<\/p>\n\n\n\n<p>nem a ferro e a\u00e7o<\/p>\n\n\n\n<p>n\u00e3o esquece dela n\u00e3o.<\/p>\n\n\n\n<p>E se a saudade apertar<\/p>\n\n\n\n<p>v\u00e1 correndo depressa cantar essa can\u00e7\u00e3o<\/p>\n\n\n\n<p>ela foi feita meu amor para voc\u00ea dan\u00e7ar<\/p>\n\n\n\n<p>e quem canta espanta o mal e a solid\u00e3o.<\/p>\n","protected":false},"excerpt":{"rendered":"<p>Mongol &amp; S\u00e9rgio D\u00e2maso Cole em mim tua cabecinha esfregue em mim tua boquinha ro\u00e7a em mim o teu corpinho pode chorar no meu ombrinho meu bem. At\u00e9 lamentar voc\u00ea pode meu bem, voc\u00ea pode tamb\u00e9m voc\u00ea pode tamb\u00e9m. O tempo n\u00e3o vai apagar nosso amor e carinho que n\u00e3o foram em v\u00e3o. Cora\u00e7\u00e3o magoado [&hellip;]<\/p>\n","protected":false},"author":1,"featured_media":0,"parent":0,"menu_order":0,"comment_status":"closed","ping_status":"closed","template":"","meta":[],"_links":{"self":[{"href":"https:\/\/sergiodamaso.com.br\/index.php\/wp-json\/wp\/v2\/pages\/289"}],"collection":[{"href":"https:\/\/sergiodamaso.com.br\/index.php\/wp-json\/wp\/v2\/pages"}],"about":[{"href":"https:\/\/sergiodamaso.com.br\/index.php\/wp-json\/wp\/v2\/types\/page"}],"author":[{"embeddable":true,"href":"https:\/\/sergiodamaso.com.br\/index.php\/wp-json\/wp\/v2\/users\/1"}],"replies":[{"embeddable":true,"href":"https:\/\/sergiodamaso.com.br\/index.php\/wp-json\/wp\/v2\/comments?post=289"}],"version-history":[{"count":2,"href":"https:\/\/sergiodamaso.com.br\/index.php\/wp-json\/wp\/v2\/pages\/289\/revisions"}],"predecessor-version":[{"id":898,"href":"https:\/\/sergiodamaso.com.br\/index.php\/wp-json\/wp\/v2\/pages\/289\/revisions\/898"}],"wp:attachment":[{"href":"https:\/\/sergiodamaso.com.br\/index.php\/wp-json\/wp\/v2\/media?parent=289"}],"curies":[{"name":"wp","href":"https:\/\/api.w.org\/{rel}","templated":true}]}}