{"id":256,"date":"2024-02-25T13:59:20","date_gmt":"2024-02-25T16:59:20","guid":{"rendered":"https:\/\/sergiodamaso.com.br\/?page_id=256"},"modified":"2024-03-14T16:06:17","modified_gmt":"2024-03-14T19:06:17","slug":"bambolim-pai-ensinou","status":"publish","type":"page","link":"https:\/\/sergiodamaso.com.br\/index.php\/bambolim-pai-ensinou\/","title":{"rendered":"BAMBOLIM PAI ENSINOU"},"content":{"rendered":"\n<figure class=\"wp-block-audio\"><audio controls src=\"https:\/\/sergiodamaso.com.br\/wp-content\/uploads\/2024\/02\/Bambolim-Pai-Ensinou.mp3\"><\/audio><\/figure>\n\n\n\n<p><strong><em>Mongol &amp; S\u00e9rgio D\u00e2maso<\/em><\/strong><\/p>\n\n\n\n<p>Bambolim pai ensinou a empinar flechar<\/p>\n\n\n\n<p>e descer at\u00e9 ch\u00e3o branco e preto sim senhor.<\/p>\n\n\n\n<p>Com apre\u00e7o com carinho fez<\/p>\n\n\n\n<p>pre\u00e7o \u00e9 barato para empinar e voar<\/p>\n\n\n\n<p>no c\u00e9u marcado.<\/p>\n\n\n\n<p>Vidro \u00e1gua e cola<\/p>\n\n\n\n<p>linha pra subir e o branco e preto no ar<\/p>\n\n\n\n<p>voar e cantar.<\/p>\n\n\n\n<p>Bambu papel rabiola<\/p>\n\n\n\n<p>voar no ar, tosar ele vai<\/p>\n\n\n\n<p>cortar e aparar ele vai.<\/p>\n\n\n\n<p>Um ou outro na mira da linha t\u00e1 na cola<\/p>\n\n\n\n<p>corta, apara mais um ou outro<\/p>\n\n\n\n<p>branco e preto sim senhor.<\/p>\n","protected":false},"excerpt":{"rendered":"<p>Mongol &amp; S\u00e9rgio D\u00e2maso Bambolim pai ensinou a empinar flechar e descer at\u00e9 ch\u00e3o branco e preto sim senhor. Com apre\u00e7o com carinho fez pre\u00e7o \u00e9 barato para empinar e voar no c\u00e9u marcado. Vidro \u00e1gua e cola linha pra subir e o branco e preto no ar voar e cantar. Bambu papel rabiola voar [&hellip;]<\/p>\n","protected":false},"author":1,"featured_media":0,"parent":0,"menu_order":0,"comment_status":"closed","ping_status":"closed","template":"","meta":[],"_links":{"self":[{"href":"https:\/\/sergiodamaso.com.br\/index.php\/wp-json\/wp\/v2\/pages\/256"}],"collection":[{"href":"https:\/\/sergiodamaso.com.br\/index.php\/wp-json\/wp\/v2\/pages"}],"about":[{"href":"https:\/\/sergiodamaso.com.br\/index.php\/wp-json\/wp\/v2\/types\/page"}],"author":[{"embeddable":true,"href":"https:\/\/sergiodamaso.com.br\/index.php\/wp-json\/wp\/v2\/users\/1"}],"replies":[{"embeddable":true,"href":"https:\/\/sergiodamaso.com.br\/index.php\/wp-json\/wp\/v2\/comments?post=256"}],"version-history":[{"count":2,"href":"https:\/\/sergiodamaso.com.br\/index.php\/wp-json\/wp\/v2\/pages\/256\/revisions"}],"predecessor-version":[{"id":885,"href":"https:\/\/sergiodamaso.com.br\/index.php\/wp-json\/wp\/v2\/pages\/256\/revisions\/885"}],"wp:attachment":[{"href":"https:\/\/sergiodamaso.com.br\/index.php\/wp-json\/wp\/v2\/media?parent=256"}],"curies":[{"name":"wp","href":"https:\/\/api.w.org\/{rel}","templated":true}]}}